CRAN Package Check Results for Package cvcrand

Last updated on 2021-09-19 09:50:08 CEST.

Flavor Version Tinstall Tcheck Ttotal Status Flags
r-devel-linux-x86_64-debian-clang 0.1.0 8.13 85.76 93.89 OK
r-devel-linux-x86_64-debian-gcc 0.1.0 7.77 65.05 72.82 OK
r-devel-linux-x86_64-fedora-clang 0.1.0 120.84 OK
r-devel-linux-x86_64-fedora-gcc 0.1.0 110.59 OK
r-devel-windows-x86_64 0.1.0 12.00 111.00 123.00 OK
r-devel-windows-x86_64-gcc10-UCRT 0.1.0 ERROR
r-patched-linux-x86_64 0.1.0 9.16 82.62 91.78 OK
r-patched-solaris-x86 0.1.0 158.50 OK
r-release-linux-x86_64 0.1.0 9.28 82.88 92.16 OK
r-release-macos-arm64 0.1.0 OK
r-release-macos-x86_64 0.1.0 OK
r-release-windows-ix86+x86_64 0.1.0 20.00 80.00 100.00 OK
r-oldrel-macos-x86_64 0.1.0 OK
r-oldrel-windows-ix86+x86_64 0.1.0 22.00 109.00 131.00 OK

Check Details

Version: 0.1.0
Check: whether package can be installed
Result: WARN
    Found the following significant warnings:
     WARNING: installation-time patches will not be applied, could not get the patches index
Flavor: r-devel-windows-x86_64-gcc10-UCRT

Version: 0.1.0
Check: PDF version of manual
Result: WARN
    LaTeX errors when creating PDF version.
    This typically indicates Rd problems.
Flavor: r-devel-windows-x86_64-gcc10-UCRT

Version: 0.1.0
Check: PDF version of manual without hyperrefs or index
Result: ERROR
    Re-running with no redirection of stdout/stderr.
Flavor: r-devel-windows-x86_64-gcc10-UCRT