CRAN Package Check Results for Package cvTools

Last updated on 2022-06-27 08:49:57 CEST.

Flavor Version Tinstall Tcheck Ttotal Status Flags
r-devel-linux-x86_64-debian-clang 0.3.2 4.46 124.62 129.08 NOTE
r-devel-linux-x86_64-debian-gcc 0.3.2 3.56 93.55 97.11 NOTE
r-devel-linux-x86_64-fedora-clang 0.3.2 158.88 NOTE
r-devel-linux-x86_64-fedora-gcc 0.3.2 159.09 NOTE
r-devel-windows-x86_64 0.3.2 39.00 145.00 184.00 NOTE
r-patched-linux-x86_64 0.3.2 4.67 116.16 120.83 NOTE
r-release-linux-x86_64 0.3.2 4.88 116.37 121.25 NOTE
r-release-macos-arm64 0.3.2 53.00 NOTE
r-release-macos-x86_64 0.3.2 58.00 NOTE
r-release-windows-x86_64 0.3.2 43.00 148.00 191.00 NOTE
r-oldrel-macos-arm64 0.3.2 55.00 NOTE
r-oldrel-macos-x86_64 0.3.2 87.00 NOTE
r-oldrel-windows-ix86+x86_64 0.3.2 10.00 145.00 155.00 NOTE

Check Details

Version: 0.3.2
Check: DESCRIPTION meta-information
Result: NOTE
    Packages listed in more than one of Depends, Imports, Suggests, Enhances:
     'lattice' 'robustbase'
    A package should be listed in only one of these fields.
Flavors: r-devel-linux-x86_64-debian-clang, r-devel-linux-x86_64-debian-gcc, r-devel-linux-x86_64-fedora-clang, r-devel-linux-x86_64-fedora-gcc, r-devel-windows-x86_64, r-patched-linux-x86_64, r-release-linux-x86_64, r-release-macos-arm64, r-release-macos-x86_64, r-release-windows-x86_64, r-oldrel-macos-arm64, r-oldrel-macos-x86_64, r-oldrel-windows-ix86+x86_64