Last updated on 2023-10-02 05:57:54 CEST.
Flavor | Version | Tinstall | Tcheck | Ttotal | Status | Flags |
---|---|---|---|---|---|---|
r-devel-linux-x86_64-debian-clang | 0.4.1 | 26.74 | 1296.45 | 1323.19 | ERROR | |
r-devel-linux-x86_64-debian-gcc | 0.4.1 | 16.11 | 70.09 | 86.20 | NOTE | |
r-devel-linux-x86_64-fedora-clang | 0.4.1 | 154.98 | NOTE | |||
r-devel-linux-x86_64-fedora-gcc | 0.4.1 | 173.94 | NOTE | |||
r-devel-windows-x86_64 | 0.4.1 | 17.00 | 104.00 | 121.00 | NOTE | |
r-patched-linux-x86_64 | 0.4.1 | 22.34 | 95.35 | 117.69 | NOTE | |
r-release-linux-x86_64 | 0.4.1 | 20.50 | 98.78 | 119.28 | NOTE | |
r-release-macos-arm64 | 0.4.1 | 52.00 | NOTE | |||
r-release-macos-x86_64 | 0.4.1 | 84.00 | NOTE | |||
r-release-windows-x86_64 | 0.4.1 | 20.00 | 125.00 | 145.00 | NOTE | |
r-oldrel-macos-arm64 | 0.4.1 | 49.00 | OK | |||
r-oldrel-macos-x86_64 | 0.4.1 | 56.00 | OK | |||
r-oldrel-windows-x86_64 | 0.4.1 | 26.00 | 122.00 | 148.00 | OK |
Version: 0.4.1
Check: C++ specification
Result: NOTE
Specified C++11: please drop specification unless essential
Flavors: r-devel-linux-x86_64-debian-clang, r-devel-linux-x86_64-debian-gcc, r-devel-linux-x86_64-fedora-clang, r-devel-linux-x86_64-fedora-gcc, r-devel-windows-x86_64, r-patched-linux-x86_64, r-release-linux-x86_64, r-release-macos-arm64, r-release-macos-x86_64, r-release-windows-x86_64
Version: 0.4.1
Check: re-building of vignette outputs
Result: ERROR
Error(s) in re-building vignettes:
...
--- re-building ‘cusum.Rmd’ using rmarkdown
--- finished re-building ‘cusum.Rmd’
+-+cusum.html
Assertion failure at kmp_runtime.cpp(6918): temp_reg_status_file_name.
OMP: Error #13: Assertion failure at kmp_runtime.cpp(6918).
OMP: Hint Please submit a bug report with this message, compile and run commands used, and machine configuration info including native compiler and operating system versions. Faster response will be obtained by including all program sources. For information on submitting this issue, please see https://bugs.llvm.org/.
Assertion failure at kmp_runtime.cpp(6918): temp_reg_status_file_name.
OMP: Error #13: Assertion failure at kmp_runtime.cpp(6918).
OMP: Hint Please submit a bug report with this message, compile and run commands used, and machine configuration info including native compiler and operating system versions. Faster response will be obtained by including all program sources. For information on submitting this issue, please see https://bugs.llvm.org/.
Killed
--- re-building ‘gscusum.Rmd’ using rmarkdown
--- finished re-building ‘gscusum.Rmd’
SUMMARY: processing the following file failed:
‘cusum.Rmd’
Error: Vignette re-building failed.
Execution halted
Flavor: r-devel-linux-x86_64-debian-clang