CRAN Package Check Results for Package customsteps

Last updated on 2019-08-19 22:47:03 CEST.

Flavor Version Tinstall Tcheck Ttotal Status Flags
r-devel-linux-x86_64-debian-clang 0.7.1.0 9.54 86.67 96.21 NOTE
r-devel-linux-x86_64-debian-gcc 0.7.1.0 7.87 70.74 78.61 NOTE
r-devel-linux-x86_64-fedora-clang 0.7.1.0 113.97 NOTE
r-devel-linux-x86_64-fedora-gcc 0.7.1.0 109.53 NOTE
r-devel-windows-ix86+x86_64 0.7.1.0 27.00 126.00 153.00 NOTE
r-patched-linux-x86_64 0.7.1.0 8.58 83.63 92.21 OK
r-patched-solaris-x86 0.7.1.0 189.20 NOTE
r-release-linux-x86_64 0.7.1.0 8.92 84.36 93.28 OK
r-release-windows-ix86+x86_64 0.7.1.0 20.00 93.00 113.00 OK
r-release-osx-x86_64 0.7.1.0 NOTE
r-oldrel-windows-ix86+x86_64 0.7.1.0 21.00 122.00 143.00 OK
r-oldrel-osx-x86_64 0.7.1.0 NOTE

Check Details

Version: 0.7.1.0
Check: package vignettes
Result: NOTE
    Package vignette with placeholder title 'Vignette Title':
     'customsteps.Rmd'
Flavors: r-devel-linux-x86_64-debian-clang, r-devel-linux-x86_64-debian-gcc, r-devel-windows-ix86+x86_64

Version: 0.7.1.0
Check: dependencies in R code
Result: NOTE
    Namespaces in Imports field not imported from:
     ‘rlang’ ‘tidyselect’
     All declared Imports should be used.
Flavors: r-devel-linux-x86_64-fedora-clang, r-devel-linux-x86_64-fedora-gcc, r-patched-solaris-x86, r-release-osx-x86_64, r-oldrel-osx-x86_64