CRAN Package Check Results for Package customsteps

Last updated on 2019-02-19 21:49:17 CET.

Flavor Version Tinstall Tcheck Ttotal Status Flags
r-devel-linux-x86_64-debian-clang 0.7.1.0 6.96 85.56 92.52 OK
r-devel-linux-x86_64-debian-gcc 0.7.1.0 6.11 67.56 73.67 OK
r-devel-linux-x86_64-fedora-clang 0.7.1.0 113.72 NOTE
r-devel-linux-x86_64-fedora-gcc 0.7.1.0 104.78 NOTE
r-devel-windows-ix86+x86_64 0.7.1.0 20.00 137.00 157.00 OK
r-patched-linux-x86_64 0.7.1.0 5.99 78.62 84.61 OK
r-patched-solaris-x86 0.7.1.0 166.90 NOTE
r-release-linux-x86_64 0.7.1.0 6.90 78.93 85.83 OK
r-release-windows-ix86+x86_64 0.7.1.0 12.00 133.00 145.00 OK
r-release-osx-x86_64 0.7.1.0 NOTE
r-oldrel-windows-ix86+x86_64 0.7.1.0 19.00 103.00 122.00 OK
r-oldrel-osx-x86_64 0.7.1.0 NOTE

Check Details

Version: 0.7.1.0
Check: dependencies in R code
Result: NOTE
    Namespaces in Imports field not imported from:
     ‘rlang’ ‘tidyselect’
     All declared Imports should be used.
Flavors: r-devel-linux-x86_64-fedora-clang, r-devel-linux-x86_64-fedora-gcc, r-patched-solaris-x86, r-release-osx-x86_64, r-oldrel-osx-x86_64