CRAN Package Check Results for Package customsteps

Last updated on 2019-04-24 15:57:15 CEST.

Flavor Version Tinstall Tcheck Ttotal Status Flags
r-devel-linux-x86_64-debian-clang 0.7.1.0 8.48 85.25 93.73 OK
r-devel-linux-x86_64-debian-gcc 0.7.1.0 7.96 67.59 75.55 OK
r-devel-linux-x86_64-fedora-clang 0.7.1.0 111.89 NOTE
r-devel-linux-x86_64-fedora-gcc 0.7.1.0 107.43 NOTE
r-devel-windows-ix86+x86_64 0.7.1.0 28.00 92.00 120.00 OK
r-patched-linux-x86_64 0.7.1.0 8.70 82.69 91.39 OK
r-patched-solaris-x86 0.7.1.0 170.20 NOTE
r-release-linux-x86_64 0.7.1.0 6.14 81.08 87.22 OK
r-release-windows-ix86+x86_64 0.7.1.0 13.00 125.00 138.00 OK
r-release-osx-x86_64 0.7.1.0 NOTE
r-oldrel-windows-ix86+x86_64 0.7.1.0 13.00 92.00 105.00 OK
r-oldrel-osx-x86_64 0.7.1.0 NOTE

Check Details

Version: 0.7.1.0
Check: dependencies in R code
Result: NOTE
    Namespaces in Imports field not imported from:
     ‘rlang’ ‘tidyselect’
     All declared Imports should be used.
Flavors: r-devel-linux-x86_64-fedora-clang, r-devel-linux-x86_64-fedora-gcc, r-patched-solaris-x86, r-release-osx-x86_64, r-oldrel-osx-x86_64