CRAN Package Check Results for Package curvecomp

Last updated on 2022-08-12 18:49:40 CEST.

Flavor Version Tinstall Tcheck Ttotal Status Flags
r-devel-linux-x86_64-debian-clang 0.1.0 6.80 69.23 76.03 NOTE
r-devel-linux-x86_64-debian-gcc 0.1.0 7.17 53.14 60.31 NOTE
r-devel-linux-x86_64-fedora-clang 0.1.0 109.04 NOTE
r-devel-linux-x86_64-fedora-gcc 0.1.0 104.16 NOTE
r-devel-windows-x86_64 0.1.0 12.00 88.00 100.00 NOTE
r-patched-linux-x86_64 0.1.0 8.26 66.50 74.76 NOTE
r-release-linux-x86_64 0.1.0 9.10 67.60 76.70 NOTE
r-release-macos-arm64 0.1.0 31.00 NOTE
r-release-macos-x86_64 0.1.0 43.00 NOTE
r-release-windows-x86_64 0.1.0 12.00 95.00 107.00 NOTE
r-oldrel-macos-arm64 0.1.0 36.00 NOTE
r-oldrel-macos-x86_64 0.1.0 49.00 NOTE
r-oldrel-windows-ix86+x86_64 0.1.0 20.00 87.00 107.00 NOTE

Check Details

Version: 0.1.0
Check: LazyData
Result: NOTE
     'LazyData' is specified without a 'data' directory
Flavors: r-devel-linux-x86_64-debian-clang, r-devel-linux-x86_64-debian-gcc, r-devel-linux-x86_64-fedora-clang, r-devel-linux-x86_64-fedora-gcc, r-devel-windows-x86_64, r-patched-linux-x86_64, r-release-linux-x86_64, r-release-macos-arm64, r-release-macos-x86_64, r-release-windows-x86_64, r-oldrel-macos-arm64, r-oldrel-macos-x86_64, r-oldrel-windows-ix86+x86_64

Version: 0.1.0
Check: for non-standard things in the check directory
Result: NOTE
    Found the following files/directories:
     'Adjusted_p_values.pdf' 'Effect_Size_Curves.pdf'
     'Mean_Difference_Curves.pdf'
Flavors: r-devel-linux-x86_64-debian-clang, r-devel-linux-x86_64-debian-gcc, r-devel-linux-x86_64-fedora-clang, r-devel-linux-x86_64-fedora-gcc, r-patched-linux-x86_64, r-release-linux-x86_64