CRAN Package Check Results for Package curveDepth

Last updated on 2023-12-04 20:09:54 CET.

Flavor Version Tinstall Tcheck Ttotal Status Flags
r-devel-linux-x86_64-debian-clang 0.1.0.9 67.39 34.52 101.91 NOTE
r-devel-linux-x86_64-debian-gcc 0.1.0.9 43.33 26.85 70.18 NOTE
r-devel-linux-x86_64-fedora-clang 0.1.0.9 151.00 NOTE
r-devel-linux-x86_64-fedora-gcc 0.1.0.9 141.60 NOTE
r-devel-windows-x86_64 0.1.0.9 49.00 68.00 117.00 NOTE
r-patched-linux-x86_64 0.1.0.9 59.85 34.12 93.97 NOTE
r-release-linux-x86_64 0.1.0.9 52.28 34.30 86.58 NOTE
r-release-macos-arm64 0.1.0.9 37.00 NOTE
r-release-macos-x86_64 0.1.0.9 59.00 NOTE
r-release-windows-x86_64 0.1.0.9 64.00 74.00 138.00 NOTE
r-oldrel-macos-arm64 0.1.0.9 37.00 OK
r-oldrel-macos-x86_64 0.1.0.9 46.00 OK
r-oldrel-windows-x86_64 0.1.0.9 61.00 75.00 136.00 OK

Check Details

Version: 0.1.0.9
Check: C++ specification
Result: NOTE Specified C++11: please drop specification unless essential Flavors: r-devel-linux-x86_64-debian-clang, r-devel-linux-x86_64-debian-gcc, r-devel-linux-x86_64-fedora-clang, r-devel-linux-x86_64-fedora-gcc, r-devel-windows-x86_64, r-patched-linux-x86_64, r-release-linux-x86_64, r-release-macos-arm64, r-release-macos-x86_64, r-release-windows-x86_64