Last updated on 2023-01-27 17:50:11 CET.
Flavor | Version | Tinstall | Tcheck | Ttotal | Status | Flags |
---|---|---|---|---|---|---|
r-devel-linux-x86_64-debian-clang | 0.1.0.9 | 56.91 | 34.64 | 91.55 | OK | |
r-devel-linux-x86_64-debian-gcc | 0.1.0.9 | 43.52 | 27.76 | 71.28 | NOTE | |
r-devel-linux-x86_64-fedora-clang | 0.1.0.9 | 145.73 | OK | |||
r-devel-linux-x86_64-fedora-gcc | 0.1.0.9 | 132.71 | NOTE | |||
r-devel-windows-x86_64 | 0.1.0.9 | 79.00 | 82.00 | 161.00 | OK | |
r-patched-linux-x86_64 | 0.1.0.9 | 49.86 | 34.98 | 84.84 | OK | |
r-release-linux-x86_64 | 0.1.0.9 | 52.43 | 34.17 | 86.60 | OK | |
r-release-macos-arm64 | 0.1.0.9 | 37.00 | OK | |||
r-release-macos-x86_64 | 0.1.0.9 | 46.00 | OK | |||
r-release-windows-x86_64 | 0.1.0.9 | 61.00 | 90.00 | 151.00 | OK | |
r-oldrel-macos-arm64 | 0.1.0.9 | 43.00 | OK | |||
r-oldrel-macos-x86_64 | 0.1.0.9 | 66.00 | OK | |||
r-oldrel-windows-ix86+x86_64 | 0.1.0.9 | 150.00 | 92.00 | 242.00 | OK |
Version: 0.1.0.9
Check: C++ specification
Result: NOTE
Specified C++11: please update to current default of C++17
Flavors: r-devel-linux-x86_64-debian-gcc, r-devel-linux-x86_64-fedora-gcc