CRAN Package Check Results for Package curry

Last updated on 2023-12-06 18:52:41 CET.

Flavor Version Tinstall Tcheck Ttotal Status Flags
r-devel-linux-x86_64-debian-clang 0.1.1 2.10 19.43 21.53 NOTE
r-devel-linux-x86_64-debian-gcc 0.1.1 1.57 15.33 16.90 NOTE
r-devel-linux-x86_64-fedora-clang 0.1.1 28.10 NOTE
r-devel-linux-x86_64-fedora-gcc 0.1.1 26.07 NOTE
r-devel-windows-x86_64 0.1.1 2.00 34.00 36.00 NOTE
r-patched-linux-x86_64 0.1.1 1.69 19.33 21.02 NOTE
r-release-linux-x86_64 0.1.1 1.77 19.66 21.43 NOTE
r-release-macos-arm64 0.1.1 14.00 NOTE
r-release-macos-x86_64 0.1.1 18.00 NOTE
r-release-windows-x86_64 0.1.1 3.00 34.00 37.00 NOTE
r-oldrel-macos-arm64 0.1.1 15.00 NOTE
r-oldrel-macos-x86_64 0.1.1 19.00 NOTE
r-oldrel-windows-x86_64 0.1.1 5.00 40.00 45.00 NOTE

Check Details

Version: 0.1.1
Check: LazyData
Result: NOTE 'LazyData' is specified without a 'data' directory Flavors: r-devel-linux-x86_64-debian-clang, r-devel-linux-x86_64-debian-gcc, r-devel-linux-x86_64-fedora-clang, r-devel-linux-x86_64-fedora-gcc, r-devel-windows-x86_64, r-patched-linux-x86_64, r-release-linux-x86_64, r-release-macos-arm64, r-release-macos-x86_64, r-release-windows-x86_64, r-oldrel-macos-arm64, r-oldrel-macos-x86_64, r-oldrel-windows-x86_64