CRAN Package Check Results for Package cultevo

Last updated on 2020-07-04 18:48:43 CEST.

Flavor Version Tinstall Tcheck Ttotal Status Flags
r-devel-linux-x86_64-debian-clang 1.0.2 3.92 313.16 317.08 OK
r-devel-linux-x86_64-debian-gcc 1.0.2 3.06 230.45 233.51 OK
r-devel-linux-x86_64-fedora-clang 1.0.2 371.84 OK
r-devel-linux-x86_64-fedora-gcc 1.0.2 354.79 OK
r-devel-windows-ix86+x86_64 1.0.2 16.00 348.00 364.00 OK
r-patched-linux-x86_64 1.0.2 2.74 303.58 306.32 OK
r-patched-solaris-x86 1.0.2 695.10 OK
r-release-linux-x86_64 1.0.2 2.52 300.75 303.27 OK
r-release-osx-x86_64 1.0.2 NOTE
r-release-windows-ix86+x86_64 1.0.2 9.00 289.00 298.00 OK
r-oldrel-osx-x86_64 1.0.2 NOTE
r-oldrel-windows-ix86+x86_64 1.0.2 13.00 322.00 335.00 OK

Check Details

Version: 1.0.2
Check: dependencies in R code
Result: NOTE
    Namespace in Imports field not imported from: ‘pspearman’
     All declared Imports should be used.
Flavors: r-release-osx-x86_64, r-oldrel-osx-x86_64