CRAN Package Check Results for Package cubfits

Last updated on 2019-04-19 18:46:56 CEST.

Flavor Version Tinstall Tcheck Ttotal Status Flags
r-devel-linux-x86_64-debian-clang 0.1-3 11.66 64.23 75.89 OK
r-devel-linux-x86_64-debian-gcc 0.1-3 8.88 50.68 59.56 OK
r-devel-linux-x86_64-fedora-clang 0.1-3 88.46 OK
r-devel-linux-x86_64-fedora-gcc 0.1-3 86.69 OK
r-devel-windows-ix86+x86_64 0.1-3 33.00 86.00 119.00 OK
r-patched-linux-x86_64 0.1-3 11.15 64.27 75.42 OK
r-patched-solaris-x86 0.1-3 111.50 OK
r-release-linux-x86_64 0.1-3 11.33 59.50 70.83 OK
r-release-windows-ix86+x86_64 0.1-3 19.00 110.00 129.00 OK
r-release-osx-x86_64 0.1-3 NOTE
r-oldrel-windows-ix86+x86_64 0.1-3 15.00 117.00 132.00 OK
r-oldrel-osx-x86_64 0.1-3 NOTE

Check Details

Version: 0.1-3
Check: package dependencies
Result: NOTE
    Package which this enhances but not available for checking: ‘pbdMPI’
Flavors: r-release-osx-x86_64, r-oldrel-osx-x86_64