CRAN Package Check Results for Package cubfits

Last updated on 2020-04-01 11:48:48 CEST.

Flavor Version Tinstall Tcheck Ttotal Status Flags
r-devel-linux-x86_64-debian-clang 0.1-3 12.15 69.31 81.46 OK
r-devel-linux-x86_64-debian-gcc 0.1-3 10.38 53.65 64.03 OK
r-devel-linux-x86_64-fedora-clang 0.1-3 98.49 OK
r-devel-linux-x86_64-fedora-gcc 0.1-3 96.63 OK
r-devel-windows-ix86+x86_64 0.1-3 24.00 86.00 110.00 OK
r-devel-windows-ix86+x86_64-gcc8 0.1-3 20.00 83.00 103.00 OK
r-patched-linux-x86_64 0.1-3 11.38 68.13 79.51 OK
r-patched-solaris-x86 0.1-3 127.80 OK
r-release-linux-x86_64 0.1-3 9.75 63.74 73.49 OK
r-release-windows-ix86+x86_64 0.1-3 21.00 128.00 149.00 OK
r-release-osx-x86_64 0.1-3 NOTE
r-oldrel-windows-ix86+x86_64 0.1-3 28.00 110.00 138.00 OK
r-oldrel-osx-x86_64 0.1-3 NOTE

Check Details

Version: 0.1-3
Check: package dependencies
Result: NOTE
    Package which this enhances but not available for checking: ‘pbdMPI’
Flavors: r-release-osx-x86_64, r-oldrel-osx-x86_64