CRAN Package Check Results for Package cubature

Last updated on 2020-07-03 18:46:56 CEST.

Flavor Version Tinstall Tcheck Ttotal Status Flags
r-devel-linux-x86_64-debian-clang 2.0.4 48.50 232.01 280.51 NOTE
r-devel-linux-x86_64-debian-gcc 2.0.4 32.13 150.75 182.88 NOTE
r-devel-linux-x86_64-fedora-clang 2.0.4 324.31 NOTE
r-devel-linux-x86_64-fedora-gcc 2.0.4 309.73 NOTE
r-devel-windows-ix86+x86_64 2.0.4 110.00 292.00 402.00 WARN
r-patched-linux-x86_64 2.0.4 34.56 219.15 253.71 NOTE
r-patched-solaris-x86 2.0.4 327.80 NOTE
r-release-linux-x86_64 2.0.4 36.24 216.30 252.54 NOTE
r-release-osx-x86_64 2.0.4 NOTE
r-release-windows-ix86+x86_64 2.0.4 87.00 226.00 313.00 WARN
r-oldrel-osx-x86_64 2.0.4 NOTE
r-oldrel-windows-ix86+x86_64 2.0.4 103.00 310.00 413.00 NOTE

Additional issues

LTO

Check Details

Version: 2.0.4
Check: for GNU extensions in Makefiles
Result: NOTE
    GNU make is a SystemRequirements.
Flavors: r-devel-linux-x86_64-debian-clang, r-devel-linux-x86_64-debian-gcc, r-devel-linux-x86_64-fedora-clang, r-devel-linux-x86_64-fedora-gcc, r-devel-windows-ix86+x86_64, r-patched-linux-x86_64, r-patched-solaris-x86, r-release-linux-x86_64, r-release-osx-x86_64, r-release-windows-ix86+x86_64, r-oldrel-osx-x86_64, r-oldrel-windows-ix86+x86_64

Version: 2.0.4
Check: installed package size
Result: NOTE
     installed size is 5.1Mb
     sub-directories of 1Mb or more:
     doc 1.3Mb
     libs 3.6Mb
Flavors: r-devel-linux-x86_64-fedora-clang, r-devel-windows-ix86+x86_64, r-release-windows-ix86+x86_64, r-oldrel-windows-ix86+x86_64

Version: 2.0.4
Check: whether package can be installed
Result: WARN
    Found the following significant warnings:
     ./src/common/Random.c:105:5: warning: 'memcpy' pointer overflow between offset 0 and size [4294967292, 2147483647] [-Warray-bounds]
     ./src/common/Random.c:105:5: warning: 'memcpy' pointer overflow between offset 0 and size [-4, 9223372036854775807] [-Warray-bounds]
Flavors: r-devel-windows-ix86+x86_64, r-release-windows-ix86+x86_64