CRAN Package Check Results for Package ctmm

Last updated on 2019-03-27 00:47:50 CET.

Flavor Version Tinstall Tcheck Ttotal Status Flags
r-devel-linux-x86_64-debian-clang 0.5.5 23.64 251.92 275.56 OK --no-vignettes
r-devel-linux-x86_64-debian-gcc 0.5.5 20.25 195.20 215.45 OK --no-vignettes
r-devel-linux-x86_64-fedora-clang 0.5.5 3439.43 OK
r-devel-linux-x86_64-fedora-gcc 0.5.5 2939.41 OK
r-devel-windows-ix86+x86_64 0.5.5 208.00 744.00 952.00 OK --no-vignettes
r-patched-linux-x86_64 0.5.5 20.22 239.14 259.36 OK --no-vignettes
r-patched-solaris-x86 0.5.5 421.00 OK --no-build-vignettes
r-release-linux-x86_64 0.5.5 20.89 240.41 261.30 OK --no-vignettes
r-release-windows-ix86+x86_64 0.5.5 124.00 706.00 830.00 OK --no-vignettes
r-release-osx-x86_64 0.5.5 OK
r-oldrel-windows-ix86+x86_64 0.5.4 270.00 1077.00 1347.00 OK --no-vignettes
r-oldrel-osx-x86_64 0.5.5 ERROR

Check Details

Version: 0.5.5
Check: whether package can be installed
Result: ERROR
    Installation failed.
Flavor: r-oldrel-osx-x86_64