CRAN Package Check Results for Package cstar

Last updated on 2019-08-24 07:47:18 CEST.

Flavor Version Tinstall Tcheck Ttotal Status Flags
r-devel-linux-x86_64-debian-clang 1.0 1.76 19.28 21.04 NOTE
r-devel-linux-x86_64-debian-gcc 1.0 1.64 15.36 17.00 NOTE
r-devel-linux-x86_64-fedora-clang 1.0 27.21 NOTE
r-devel-linux-x86_64-fedora-gcc 1.0 24.23 NOTE
r-devel-windows-ix86+x86_64 1.0 6.00 30.00 36.00 NOTE
r-patched-linux-x86_64 1.0 1.52 19.25 20.77 NOTE
r-patched-solaris-x86 1.0 40.80 NOTE
r-release-linux-x86_64 1.0 1.41 18.63 20.04 NOTE
r-release-windows-ix86+x86_64 1.0 9.00 42.00 51.00 NOTE
r-release-osx-x86_64 1.0 NOTE
r-oldrel-windows-ix86+x86_64 1.0 5.00 41.00 46.00 NOTE
r-oldrel-osx-x86_64 1.0 NOTE

Check Details

Version: 1.0
Check: DESCRIPTION meta-information
Result: NOTE
    Malformed Title field: should not end in a period.
Flavors: r-devel-linux-x86_64-debian-clang, r-devel-linux-x86_64-debian-gcc, r-devel-linux-x86_64-fedora-clang, r-devel-linux-x86_64-fedora-gcc, r-devel-windows-ix86+x86_64, r-patched-linux-x86_64, r-patched-solaris-x86, r-release-linux-x86_64, r-release-windows-ix86+x86_64, r-release-osx-x86_64, r-oldrel-windows-ix86+x86_64, r-oldrel-osx-x86_64

Version: 1.0
Check: R code for possible problems
Result: NOTE
    cstar: no visible global function definition for 'vcov'
    cstar : utility: no visible global function definition for 'dt'
    cstar : maximand: no visible global function definition for 'integrate'
    cstar: no visible global function definition for 'uniroot'
    cstari : utility: no visible global function definition for 'dt'
    cstari : maximand: no visible global function definition for
     'integrate'
    cstari: no visible global function definition for 'uniroot'
    cstarme : utility: no visible global function definition for 'density'
    cstarme : maximand: no visible global function definition for
     'integrate'
    cstarme : maximand: no visible global function definition for 'sd'
    cstarme: no visible global function definition for 'uniroot'
    Undefined global functions or variables:
     density dt integrate sd uniroot vcov
    Consider adding
     importFrom("stats", "density", "dt", "integrate", "sd", "uniroot",
     "vcov")
    to your NAMESPACE file.
Flavors: r-devel-linux-x86_64-debian-clang, r-devel-linux-x86_64-debian-gcc, r-devel-linux-x86_64-fedora-clang, r-devel-linux-x86_64-fedora-gcc, r-devel-windows-ix86+x86_64, r-patched-linux-x86_64, r-patched-solaris-x86, r-release-linux-x86_64, r-release-windows-ix86+x86_64, r-release-osx-x86_64, r-oldrel-windows-ix86+x86_64, r-oldrel-osx-x86_64