Last updated on 2019-02-20 00:55:04 CET.
Flavor | Version | Tinstall | Tcheck | Ttotal | Status | Flags |
---|---|---|---|---|---|---|
r-devel-linux-x86_64-debian-clang | 1.0 | 1.20 | 20.22 | 21.42 | NOTE | |
r-devel-linux-x86_64-debian-gcc | 1.0 | 0.97 | 15.94 | 16.91 | NOTE | |
r-devel-linux-x86_64-fedora-clang | 1.0 | 25.94 | NOTE | |||
r-devel-linux-x86_64-fedora-gcc | 1.0 | 24.21 | NOTE | |||
r-devel-windows-ix86+x86_64 | 1.0 | 4.00 | 33.00 | 37.00 | NOTE | |
r-patched-linux-x86_64 | 1.0 | NOTE | ||||
r-patched-solaris-x86 | 1.0 | 37.20 | NOTE | |||
r-release-linux-x86_64 | 1.0 | 0.94 | 18.62 | 19.56 | NOTE | |
r-release-windows-ix86+x86_64 | 1.0 | 2.00 | 42.00 | 44.00 | NOTE | |
r-release-osx-x86_64 | 1.0 | NOTE | ||||
r-oldrel-windows-ix86+x86_64 | 1.0 | 2.00 | 37.00 | 39.00 | NOTE | |
r-oldrel-osx-x86_64 | 1.0 | NOTE |
Version: 1.0
Check: DESCRIPTION meta-information
Result: NOTE
Malformed Title field: should not end in a period.
Flavors: r-devel-linux-x86_64-debian-clang, r-devel-linux-x86_64-debian-gcc, r-devel-linux-x86_64-fedora-clang, r-devel-linux-x86_64-fedora-gcc, r-devel-windows-ix86+x86_64, r-patched-linux-x86_64, r-patched-solaris-x86, r-release-linux-x86_64, r-release-windows-ix86+x86_64, r-release-osx-x86_64, r-oldrel-windows-ix86+x86_64, r-oldrel-osx-x86_64
Version: 1.0
Check: R code for possible problems
Result: NOTE
cstar: no visible global function definition for ‘vcov’
cstar : utility: no visible global function definition for ‘dt’
cstar : maximand: no visible global function definition for ‘integrate’
cstar: no visible global function definition for ‘uniroot’
cstari : utility: no visible global function definition for ‘dt’
cstari : maximand: no visible global function definition for
‘integrate’
cstari: no visible global function definition for ‘uniroot’
cstarme : utility: no visible global function definition for ‘density’
cstarme : maximand: no visible global function definition for
‘integrate’
cstarme : maximand: no visible global function definition for ‘sd’
cstarme: no visible global function definition for ‘uniroot’
Undefined global functions or variables:
density dt integrate sd uniroot vcov
Consider adding
importFrom("stats", "density", "dt", "integrate", "sd", "uniroot",
"vcov")
to your NAMESPACE file.
Flavors: r-devel-linux-x86_64-debian-clang, r-devel-linux-x86_64-debian-gcc, r-devel-linux-x86_64-fedora-clang, r-devel-linux-x86_64-fedora-gcc, r-devel-windows-ix86+x86_64, r-patched-linux-x86_64, r-patched-solaris-x86, r-release-linux-x86_64, r-release-windows-ix86+x86_64, r-release-osx-x86_64, r-oldrel-windows-ix86+x86_64, r-oldrel-osx-x86_64