CRAN Package Check Results for Package crso

Last updated on 2021-09-19 11:49:47 CEST.

Flavor Version Tinstall Tcheck Ttotal Status Flags
r-devel-linux-x86_64-debian-clang 0.1.1 3.69 377.24 380.93 OK
r-devel-linux-x86_64-debian-gcc 0.1.1 2.84 249.06 251.90 OK
r-devel-linux-x86_64-fedora-clang 0.1.1 429.82 OK
r-devel-linux-x86_64-fedora-gcc 0.1.1 435.07 OK
r-devel-windows-x86_64 0.1.1 5.00 453.00 458.00 OK
r-devel-windows-x86_64-gcc10-UCRT 0.1.1 ERROR
r-patched-linux-x86_64 0.1.1 3.79 362.82 366.61 OK
r-patched-solaris-x86 0.1.1 602.00 OK
r-release-linux-x86_64 0.1.1 3.05 354.18 357.23 OK
r-release-macos-arm64 0.1.1 OK
r-release-macos-x86_64 0.1.1 OK
r-release-windows-ix86+x86_64 0.1.1 7.00 299.00 306.00 OK
r-oldrel-macos-x86_64 0.1.1 OK
r-oldrel-windows-ix86+x86_64 0.1.1 7.00 435.00 442.00 OK

Check Details

Version: 0.1.1
Check: whether package can be installed
Result: WARN
    Found the following significant warnings:
     WARNING: installation-time patches will not be applied, could not get the patches index
Flavor: r-devel-windows-x86_64-gcc10-UCRT

Version: 0.1.1
Check: PDF version of manual
Result: WARN
    LaTeX errors when creating PDF version.
    This typically indicates Rd problems.
Flavor: r-devel-windows-x86_64-gcc10-UCRT

Version: 0.1.1
Check: PDF version of manual without hyperrefs or index
Result: ERROR
    Re-running with no redirection of stdout/stderr.
Flavor: r-devel-windows-x86_64-gcc10-UCRT