CRAN Package Check Results for Package crop

Last updated on 2022-08-12 18:49:40 CEST.

Flavor Version Tinstall Tcheck Ttotal Status Flags
r-devel-linux-x86_64-debian-clang 0.0-2 2.00 21.18 23.18 NOTE
r-devel-linux-x86_64-debian-gcc 0.0-2 1.55 16.69 18.24 NOTE
r-devel-linux-x86_64-fedora-clang 0.0-2 38.82 NOTE
r-devel-linux-x86_64-fedora-gcc 0.0-2 37.79 NOTE
r-devel-windows-x86_64 0.0-2 7.00 43.00 50.00 OK
r-patched-linux-x86_64 0.0-2 1.94 20.47 22.41 NOTE
r-release-linux-x86_64 0.0-2 1.88 20.31 22.19 NOTE
r-release-macos-arm64 0.0-2 14.00 OK
r-release-macos-x86_64 0.0-2 19.00 OK
r-release-windows-x86_64 0.0-2 5.00 40.00 45.00 OK
r-oldrel-macos-arm64 0.0-2 26.00 OK
r-oldrel-macos-x86_64 0.0-2 24.00 OK
r-oldrel-windows-ix86+x86_64 0.0-2 4.00 23.00 27.00 OK

Check Details

Version: 0.0-2
Check: for non-standard things in the check directory
Result: NOTE
    Found the following files/directories:
     'crop.eps' 'crop.pdf' 'crop.png' 'crop.ps'
Flavors: r-devel-linux-x86_64-debian-clang, r-devel-linux-x86_64-debian-gcc, r-devel-linux-x86_64-fedora-clang, r-devel-linux-x86_64-fedora-gcc, r-patched-linux-x86_64, r-release-linux-x86_64