CRAN Package Check Results for Package crimelinkage

Last updated on 2019-08-19 20:46:12 CEST.

Flavor Version Tinstall Tcheck Ttotal Status Flags
r-devel-linux-x86_64-debian-clang 0.0.4 4.60 81.95 86.55 NOTE
r-devel-linux-x86_64-debian-gcc 0.0.4 3.13 59.81 62.94 NOTE
r-devel-linux-x86_64-fedora-clang 0.0.4 102.55 NOTE
r-devel-linux-x86_64-fedora-gcc 0.0.4 94.08 NOTE
r-devel-windows-ix86+x86_64 0.0.4 11.00 124.00 135.00 NOTE
r-patched-linux-x86_64 0.0.4 3.83 76.44 80.27 NOTE
r-patched-solaris-x86 0.0.4 165.20 NOTE
r-release-linux-x86_64 0.0.4 3.95 76.78 80.73 NOTE
r-release-windows-ix86+x86_64 0.0.4 6.00 91.00 97.00 NOTE
r-release-osx-x86_64 0.0.4 NOTE
r-oldrel-windows-ix86+x86_64 0.0.4 7.00 116.00 123.00 NOTE
r-oldrel-osx-x86_64 0.0.4 NOTE

Check Details

Version: 0.0.4
Check: DESCRIPTION meta-information
Result: NOTE
    BugReports field is not a suitable URL but contains an email address
     which will be used as from R 3.4.0
Flavors: r-devel-linux-x86_64-debian-clang, r-devel-linux-x86_64-debian-gcc, r-devel-linux-x86_64-fedora-clang, r-devel-linux-x86_64-fedora-gcc, r-devel-windows-ix86+x86_64, r-patched-linux-x86_64, r-patched-solaris-x86, r-release-linux-x86_64, r-release-windows-ix86+x86_64, r-release-osx-x86_64, r-oldrel-windows-ix86+x86_64, r-oldrel-osx-x86_64