CRAN Package Check Results for Package crimelinkage

Last updated on 2019-02-19 19:47:23 CET.

Flavor Version Tinstall Tcheck Ttotal Status Flags
r-devel-linux-x86_64-debian-clang 0.0.4 3.08 81.04 84.12 NOTE
r-devel-linux-x86_64-debian-gcc 0.0.4 2.63 56.83 59.46 NOTE
r-devel-linux-x86_64-fedora-clang 0.0.4 98.79 NOTE
r-devel-linux-x86_64-fedora-gcc 0.0.4 89.58 NOTE
r-devel-windows-ix86+x86_64 0.0.4 7.00 114.00 121.00 NOTE
r-patched-linux-x86_64 0.0.4 2.55 71.67 74.22 NOTE
r-patched-solaris-x86 0.0.4 157.70 NOTE
r-release-linux-x86_64 0.0.4 2.99 71.84 74.83 NOTE
r-release-windows-ix86+x86_64 0.0.4 5.00 121.00 126.00 NOTE
r-release-osx-x86_64 0.0.4 NOTE
r-oldrel-windows-ix86+x86_64 0.0.4 3.00 108.00 111.00 NOTE
r-oldrel-osx-x86_64 0.0.4 NOTE

Check Details

Version: 0.0.4
Check: DESCRIPTION meta-information
Result: NOTE
    BugReports field is not a suitable URL but contains an email address
     which will be used as from R 3.4.0
Flavors: r-devel-linux-x86_64-debian-clang, r-devel-linux-x86_64-debian-gcc, r-devel-linux-x86_64-fedora-clang, r-devel-linux-x86_64-fedora-gcc, r-devel-windows-ix86+x86_64, r-patched-linux-x86_64, r-patched-solaris-x86, r-release-linux-x86_64, r-release-windows-ix86+x86_64, r-release-osx-x86_64, r-oldrel-windows-ix86+x86_64, r-oldrel-osx-x86_64