CRAN Package Check Results for Package crimelinkage

Last updated on 2019-04-24 15:57:15 CEST.

Flavor Version Tinstall Tcheck Ttotal Status Flags
r-devel-linux-x86_64-debian-clang 0.0.4 3.25 83.69 86.94 NOTE
r-devel-linux-x86_64-debian-gcc 0.0.4 3.23 59.30 62.53 NOTE
r-devel-linux-x86_64-fedora-clang 0.0.4 102.98 NOTE
r-devel-linux-x86_64-fedora-gcc 0.0.4 92.76 NOTE
r-devel-windows-ix86+x86_64 0.0.4 12.00 93.00 105.00 NOTE
r-patched-linux-x86_64 0.0.4 3.33 77.19 80.52 NOTE
r-patched-solaris-x86 0.0.4 159.10 NOTE
r-release-linux-x86_64 0.0.4 2.35 73.90 76.25 NOTE
r-release-windows-ix86+x86_64 0.0.4 4.00 119.00 123.00 NOTE
r-release-osx-x86_64 0.0.4 NOTE
r-oldrel-windows-ix86+x86_64 0.0.4 3.00 101.00 104.00 NOTE
r-oldrel-osx-x86_64 0.0.4 NOTE

Check Details

Version: 0.0.4
Check: DESCRIPTION meta-information
Result: NOTE
    BugReports field is not a suitable URL but contains an email address
     which will be used as from R 3.4.0
Flavors: r-devel-linux-x86_64-debian-clang, r-devel-linux-x86_64-debian-gcc, r-devel-linux-x86_64-fedora-clang, r-devel-linux-x86_64-fedora-gcc, r-devel-windows-ix86+x86_64, r-patched-linux-x86_64, r-patched-solaris-x86, r-release-linux-x86_64, r-release-windows-ix86+x86_64, r-release-osx-x86_64, r-oldrel-windows-ix86+x86_64, r-oldrel-osx-x86_64