CRAN Package Check Results for Package crayon

Last updated on 2022-10-03 05:50:43 CEST.

Flavor Version Tinstall Tcheck Ttotal Status Flags
r-devel-linux-x86_64-debian-clang 1.5.2 3.16 39.50 42.66 OK
r-devel-linux-x86_64-debian-gcc 1.5.2 2.42 29.55 31.97 OK
r-devel-linux-x86_64-fedora-clang 1.5.2 68.34 OK
r-devel-linux-x86_64-fedora-gcc 1.5.2 65.42 OK
r-devel-windows-x86_64 1.5.2 24.00 67.00 91.00 OK
r-patched-linux-x86_64 1.5.2 3.93 37.12 41.05 OK
r-release-linux-x86_64 1.5.2 2.98 36.12 39.10 OK
r-release-macos-arm64 1.5.2 29.00 OK
r-release-macos-x86_64 1.5.2 45.00 OK
r-release-windows-x86_64 1.5.2 17.00 69.00 86.00 OK
r-oldrel-macos-arm64 1.5.2 33.00 OK
r-oldrel-macos-x86_64 1.5.2 45.00 OK
r-oldrel-windows-ix86+x86_64 1.5.2 12.00 73.00 85.00 WARN

Check Details

Version: 1.5.2
Check: for unstated dependencies in ‘tests’
Result: WARN
    Warning: unable to access index for repository https://bioconductor.org/packages/3.14/bioc/src/contrib:
     cannot open URL 'https://bioconductor.org/packages/3.14/bioc/src/contrib/PACKAGES'
    Warning: unable to access index for repository https://bioconductor.org/packages/3.14/data/annotation/src/contrib:
     cannot open URL 'https://bioconductor.org/packages/3.14/data/annotation/src/contrib/PACKAGES'
    Warning: unable to access index for repository https://bioconductor.org/packages/3.14/data/experiment/src/contrib:
     cannot open URL 'https://bioconductor.org/packages/3.14/data/experiment/src/contrib/PACKAGES'
Flavor: r-oldrel-windows-ix86+x86_64