Last updated on 2023-10-02 13:02:48 CEST.
Flavor | Version | Tinstall | Tcheck | Ttotal | Status | Flags |
---|---|---|---|---|---|---|
r-devel-linux-x86_64-debian-clang | 2.3.0 | 149.99 | 68.41 | 218.40 | OK | |
r-devel-linux-x86_64-debian-gcc | 2.3.0 | 105.29 | 50.03 | 155.32 | OK | |
r-devel-linux-x86_64-fedora-clang | 2.3.0 | 315.31 | OK | |||
r-devel-linux-x86_64-fedora-gcc | 2.3.0 | 317.93 | OK | |||
r-devel-windows-x86_64 | 2.3.0 | 114.00 | 105.00 | 219.00 | OK | --no-vignettes |
r-patched-linux-x86_64 | 2.3.0 | 152.22 | 63.36 | 215.58 | OK | |
r-release-linux-x86_64 | 2.3.0 | 158.15 | 62.57 | 220.72 | OK | |
r-release-macos-arm64 | 2.3.0 | 77.00 | NOTE | |||
r-release-macos-x86_64 | 2.3.0 | 125.00 | NOTE | |||
r-release-windows-x86_64 | 2.3.0 | 145.00 | 100.00 | 245.00 | OK | --no-vignettes |
r-oldrel-macos-arm64 | 2.3.0 | 80.00 | NOTE | |||
r-oldrel-macos-x86_64 | 2.3.0 | 90.00 | NOTE | |||
r-oldrel-windows-x86_64 | 2.3.0 | 138.00 | 102.00 | 240.00 | OK | --no-vignettes |
Version: 2.3.0
Check: installed package size
Result: NOTE
installed size is 6.3Mb
sub-directories of 1Mb or more:
libs 5.5Mb
Flavors: r-release-macos-arm64, r-release-macos-x86_64, r-oldrel-macos-arm64, r-oldrel-macos-x86_64