CRAN Package Check Results for Package crawl

Last updated on 2019-04-19 04:48:47 CEST.

Flavor Version Tinstall Tcheck Ttotal Status Flags
r-devel-linux-x86_64-debian-clang 2.2.1 118.17 47.83 166.00 OK
r-devel-linux-x86_64-debian-gcc 2.2.1 91.07 37.49 128.56 OK
r-devel-linux-x86_64-fedora-clang 2.2.1 270.78 NOTE
r-devel-linux-x86_64-fedora-gcc 2.2.1 221.07 NOTE
r-devel-windows-ix86+x86_64 2.2.1 273.00 78.00 351.00 OK --no-vignettes
r-patched-linux-x86_64 2.2.1 103.48 46.48 149.96 OK
r-patched-solaris-x86 2.2.1 217.50 NOTE
r-release-linux-x86_64 2.2.1 104.46 43.32 147.78 OK
r-release-windows-ix86+x86_64 2.2.1 209.00 119.00 328.00 OK --no-vignettes
r-release-osx-x86_64 2.2.1 NOTE
r-oldrel-windows-ix86+x86_64 2.2.1 277.00 116.00 393.00 OK --no-vignettes
r-oldrel-osx-x86_64 2.2.1 NOTE

Check Details

Version: 2.2.1
Check: installed package size
Result: NOTE
     installed size is 6.4Mb
     sub-directories of 1Mb or more:
     libs 5.8Mb
Flavor: r-devel-linux-x86_64-fedora-clang

Version: 2.2.1
Check: dependencies in R code
Result: NOTE
    Namespaces in Imports field not imported from:
     ‘gdistance’ ‘raster’
     All declared Imports should be used.
Flavors: r-devel-linux-x86_64-fedora-clang, r-devel-linux-x86_64-fedora-gcc, r-patched-solaris-x86, r-release-osx-x86_64, r-oldrel-osx-x86_64