Last updated on 2023-01-30 20:55:42 CET.
Flavor | Version | Tinstall | Tcheck | Ttotal | Status | Flags |
---|---|---|---|---|---|---|
r-devel-linux-x86_64-debian-clang | 2.3.0 | 141.49 | 68.99 | 210.48 | OK | |
r-devel-linux-x86_64-debian-gcc | 2.3.0 | 110.40 | 50.55 | 160.95 | OK | |
r-devel-linux-x86_64-fedora-clang | 2.3.0 | 315.98 | OK | |||
r-devel-linux-x86_64-fedora-gcc | 2.3.0 | 277.36 | OK | |||
r-devel-windows-x86_64 | 2.3.0 | 127.00 | 146.00 | 273.00 | OK | --no-vignettes |
r-patched-linux-x86_64 | 2.3.0 | 116.70 | 65.67 | 182.37 | OK | |
r-release-linux-x86_64 | 2.3.0 | 122.66 | 65.21 | 187.87 | OK | |
r-release-macos-arm64 | 2.3.0 | 80.00 | NOTE | |||
r-release-macos-x86_64 | 2.3.0 | 90.00 | NOTE | |||
r-release-windows-x86_64 | 2.3.0 | 123.00 | 138.00 | 261.00 | OK | --no-vignettes |
r-oldrel-macos-arm64 | 2.3.0 | 78.00 | NOTE | |||
r-oldrel-macos-x86_64 | 2.3.0 | 90.00 | NOTE | |||
r-oldrel-windows-ix86+x86_64 | 2.3.0 | 345.00 | 129.00 | 474.00 | OK | --no-vignettes |
Version: 2.3.0
Check: installed package size
Result: NOTE
installed size is 6.2Mb
sub-directories of 1Mb or more:
libs 5.4Mb
Flavors: r-release-macos-arm64, r-release-macos-x86_64, r-oldrel-macos-arm64, r-oldrel-macos-x86_64