CRAN Package Check Results for Package crawl

Last updated on 2019-06-16 14:47:30 CEST.

Flavor Version Tinstall Tcheck Ttotal Status Flags
r-devel-linux-x86_64-debian-clang 2.2.1 122.67 48.04 170.71 OK
r-devel-linux-x86_64-debian-gcc 2.2.1 88.47 38.04 126.51 OK
r-devel-linux-x86_64-fedora-clang 2.2.1 248.00 NOTE
r-devel-linux-x86_64-fedora-gcc 2.2.1 223.00 NOTE
r-devel-windows-ix86+x86_64 2.2.1 276.00 83.00 359.00 OK --no-vignettes
r-patched-linux-x86_64 2.2.1 108.34 47.60 155.94 OK
r-patched-solaris-x86 2.2.1 221.00 NOTE
r-release-linux-x86_64 2.2.1 105.48 47.50 152.98 OK
r-release-windows-ix86+x86_64 2.2.1 205.00 109.00 314.00 OK --no-vignettes
r-release-osx-x86_64 2.2.1 NOTE
r-oldrel-windows-ix86+x86_64 2.2.1 200.00 137.00 337.00 OK --no-vignettes
r-oldrel-osx-x86_64 2.2.1 NOTE

Check Details

Version: 2.2.1
Check: installed package size
Result: NOTE
     installed size is 6.5Mb
     sub-directories of 1Mb or more:
     libs 5.9Mb
Flavor: r-devel-linux-x86_64-fedora-clang

Version: 2.2.1
Check: dependencies in R code
Result: NOTE
    Namespaces in Imports field not imported from:
     ‘gdistance’ ‘raster’
     All declared Imports should be used.
Flavors: r-devel-linux-x86_64-fedora-clang, r-devel-linux-x86_64-fedora-gcc, r-patched-solaris-x86, r-release-osx-x86_64, r-oldrel-osx-x86_64