CRAN Package Check Results for Package cqrReg

Last updated on 2020-04-04 03:51:15 CEST.

Flavor Version Tinstall Tcheck Ttotal Status Flags
r-devel-linux-x86_64-debian-clang 1.2 172.87 69.31 242.18 NOTE
r-devel-linux-x86_64-debian-gcc 1.2 112.84 54.62 167.46 NOTE
r-devel-linux-x86_64-fedora-clang 1.2 374.11 NOTE
r-devel-linux-x86_64-fedora-gcc 1.2 303.02 NOTE
r-devel-windows-ix86+x86_64 1.2 262.00 105.00 367.00 NOTE
r-devel-windows-ix86+x86_64-gcc8 1.2 303.00 121.00 424.00 NOTE
r-patched-linux-x86_64 1.2 131.53 66.81 198.34 NOTE
r-patched-solaris-x86 1.2 316.60 NOTE
r-release-linux-x86_64 1.2 133.30 59.87 193.17 NOTE
r-release-windows-ix86+x86_64 1.2 304.00 160.00 464.00 NOTE
r-release-osx-x86_64 1.2 NOTE
r-oldrel-windows-ix86+x86_64 1.2 316.00 102.00 418.00 NOTE
r-oldrel-osx-x86_64 1.2 NOTE

Check Details

Version: 1.2
Check: R code for possible problems
Result: NOTE
    QR.cd: no visible global function definition for 'quantile'
    QR.lasso.cd: no visible global function definition for 'quantile'
    cqr.cd: no visible global function definition for 'quantile'
    cqr.lasso.cd: no visible global function definition for 'quantile'
    cqr.lasso.mm: no visible global function definition for 'quantile'
    cqr.mm: no visible global function definition for 'quantile'
    Undefined global functions or variables:
     quantile
    Consider adding
     importFrom("stats", "quantile")
    to your NAMESPACE file.
Flavors: r-devel-linux-x86_64-debian-clang, r-devel-linux-x86_64-debian-gcc, r-devel-linux-x86_64-fedora-clang, r-devel-linux-x86_64-fedora-gcc, r-devel-windows-ix86+x86_64, r-devel-windows-ix86+x86_64-gcc8, r-patched-linux-x86_64, r-patched-solaris-x86, r-release-linux-x86_64, r-release-windows-ix86+x86_64, r-release-osx-x86_64, r-oldrel-windows-ix86+x86_64, r-oldrel-osx-x86_64

Version: 1.2
Check: installed package size
Result: NOTE
     installed size is 9.5Mb
     sub-directories of 1Mb or more:
     libs 9.3Mb
Flavors: r-devel-linux-x86_64-fedora-clang, r-release-osx-x86_64, r-oldrel-osx-x86_64

Version: 1.2
Check: compiled code
Result: NOTE
    File ‘cqrReg/libs/cqrReg.so’:
     Found no calls to: ‘R_registerRoutines’, ‘R_useDynamicSymbols’
    
    It is good practice to register native routines and to disable symbol
    search.
    
    See ‘Writing portable packages’ in the ‘Writing R Extensions’ manual.
Flavors: r-devel-linux-x86_64-fedora-clang, r-devel-linux-x86_64-fedora-gcc