CRAN Package Check Results for Package cppRouting

Last updated on 2020-02-22 04:47:34 CET.

Flavor Version Tinstall Tcheck Ttotal Status Flags
r-devel-linux-x86_64-debian-clang 2.0 256.67 31.34 288.01 OK
r-devel-linux-x86_64-debian-gcc 2.0 152.92 24.71 177.63 OK
r-devel-linux-x86_64-fedora-clang 2.0 436.24 NOTE
r-devel-linux-x86_64-fedora-gcc 2.0 366.88 NOTE
r-devel-windows-ix86+x86_64 2.0 488.00 70.00 558.00 OK
r-devel-windows-ix86+x86_64-gcc8 2.0 648.00 96.00 744.00 OK
r-patched-linux-x86_64 2.0 OK
r-patched-solaris-x86 2.0 324.30 NOTE
r-release-linux-x86_64 2.0 191.02 28.23 219.25 OK
r-release-windows-ix86+x86_64 2.0 459.00 68.00 527.00 OK
r-release-osx-x86_64 2.0 NOTE
r-oldrel-windows-ix86+x86_64 2.0 612.00 67.00 679.00 OK
r-oldrel-osx-x86_64 2.0 NOTE

Check Details

Version: 2.0
Check: installed package size
Result: NOTE
     installed size is 9.4Mb
     sub-directories of 1Mb or more:
     libs 9.2Mb
Flavors: r-devel-linux-x86_64-fedora-clang, r-release-osx-x86_64, r-oldrel-osx-x86_64

Version: 2.0
Check: dependencies in R code
Result: NOTE
    Namespace in Imports field not imported from: ‘RcppProgress’
     All declared Imports should be used.
Flavors: r-devel-linux-x86_64-fedora-clang, r-devel-linux-x86_64-fedora-gcc, r-patched-solaris-x86, r-release-osx-x86_64, r-oldrel-osx-x86_64