CRAN Package Check Results for Package cppRouting

Last updated on 2023-06-07 14:00:33 CEST.

Flavor Version Tinstall Tcheck Ttotal Status Flags
r-devel-linux-x86_64-debian-clang 3.1 155.49 40.57 196.06 NOTE
r-devel-linux-x86_64-debian-gcc 3.1 124.98 31.76 156.74 NOTE
r-devel-linux-x86_64-fedora-clang 3.1 316.70 NOTE
r-devel-linux-x86_64-fedora-gcc 3.1 313.80 NOTE
r-devel-windows-x86_64 3.1 126.00 82.00 208.00 NOTE
r-patched-linux-x86_64 3.1 133.45 39.14 172.59 NOTE
r-release-linux-x86_64 3.1 130.00 38.46 168.46 NOTE
r-release-macos-arm64 3.1 80.00 NOTE
r-release-macos-x86_64 3.1 165.00 NOTE
r-release-windows-x86_64 3.1 135.00 93.00 228.00 NOTE
r-oldrel-macos-arm64 3.1 64.00 NOTE
r-oldrel-macos-x86_64 3.1 91.00 NOTE
r-oldrel-windows-x86_64 3.1 162.00 84.00 246.00 NOTE

Check Details

Version: 3.1
Check: C++ specification
Result: NOTE
     Specified C++11: please drop specification unless essential
Flavors: r-devel-linux-x86_64-debian-clang, r-devel-linux-x86_64-debian-gcc, r-devel-linux-x86_64-fedora-clang, r-devel-linux-x86_64-fedora-gcc, r-devel-windows-x86_64, r-patched-linux-x86_64, r-release-linux-x86_64, r-release-macos-arm64, r-release-macos-x86_64, r-release-windows-x86_64

Version: 3.1
Check: for GNU extensions in Makefiles
Result: NOTE
    GNU make is a SystemRequirements.
Flavors: r-devel-linux-x86_64-debian-clang, r-devel-linux-x86_64-debian-gcc, r-devel-linux-x86_64-fedora-clang, r-devel-linux-x86_64-fedora-gcc, r-devel-windows-x86_64, r-patched-linux-x86_64, r-release-linux-x86_64, r-release-macos-arm64, r-release-macos-x86_64, r-release-windows-x86_64, r-oldrel-macos-arm64, r-oldrel-macos-x86_64, r-oldrel-windows-x86_64

Version: 3.1
Check: dependencies in R code
Result: NOTE
    Namespace in Imports field not imported from: ‘RcppProgress’
     All declared Imports should be used.
Flavors: r-devel-linux-x86_64-fedora-clang, r-devel-linux-x86_64-fedora-gcc, r-oldrel-macos-x86_64

Version: 3.1
Check: installed package size
Result: NOTE
     installed size is 7.1Mb
     sub-directories of 1Mb or more:
     libs 6.9Mb
Flavors: r-release-macos-arm64, r-release-macos-x86_64, r-oldrel-macos-arm64, r-oldrel-macos-x86_64