CRAN Package Check Results for Package cpca

Last updated on 2022-08-14 13:50:58 CEST.

Flavor Version Tinstall Tcheck Ttotal Status Flags
r-devel-linux-x86_64-debian-clang 0.1.2 1.69 20.95 22.64 NOTE
r-devel-linux-x86_64-debian-gcc 0.1.2 1.52 16.57 18.09 NOTE
r-devel-linux-x86_64-fedora-clang 0.1.2 38.98 NOTE
r-devel-linux-x86_64-fedora-gcc 0.1.2 38.61 NOTE
r-devel-windows-x86_64 0.1.2 7.00 47.00 54.00 NOTE
r-patched-linux-x86_64 0.1.2 1.81 20.91 22.72 NOTE
r-release-linux-x86_64 0.1.2 1.82 21.02 22.84 NOTE
r-release-macos-arm64 0.1.2 15.00 NOTE
r-release-macos-x86_64 0.1.2 19.00 NOTE
r-release-windows-x86_64 0.1.2 5.00 46.00 51.00 NOTE
r-oldrel-macos-arm64 0.1.2 25.00 NOTE
r-oldrel-macos-x86_64 0.1.2 24.00 NOTE
r-oldrel-windows-ix86+x86_64 0.1.2 5.00 38.00 43.00 NOTE

Check Details

Version: 0.1.2
Check: DESCRIPTION meta-information
Result: NOTE
    Malformed Description field: should contain one or more complete sentences.
Flavors: r-devel-linux-x86_64-debian-clang, r-devel-linux-x86_64-debian-gcc, r-devel-linux-x86_64-fedora-clang, r-devel-linux-x86_64-fedora-gcc, r-devel-windows-x86_64, r-patched-linux-x86_64, r-release-linux-x86_64, r-release-macos-arm64, r-release-macos-x86_64, r-release-windows-x86_64, r-oldrel-macos-arm64, r-oldrel-macos-x86_64, r-oldrel-windows-ix86+x86_64

Version: 0.1.2
Check: LazyData
Result: NOTE
     'LazyData' is specified without a 'data' directory
Flavors: r-devel-linux-x86_64-debian-clang, r-devel-linux-x86_64-debian-gcc, r-devel-linux-x86_64-fedora-clang, r-devel-linux-x86_64-fedora-gcc, r-devel-windows-x86_64, r-patched-linux-x86_64, r-release-linux-x86_64, r-release-macos-arm64, r-release-macos-x86_64, r-release-windows-x86_64, r-oldrel-macos-arm64, r-oldrel-macos-x86_64, r-oldrel-windows-ix86+x86_64