CRAN Package Check Results for Package cowplot

Last updated on 2022-11-28 10:57:16 CET.

Flavor Version Tinstall Tcheck Ttotal Status Flags
r-devel-linux-x86_64-debian-clang 1.1.1 8.14 135.21 143.35 NOTE
r-devel-linux-x86_64-debian-gcc 1.1.1 5.53 95.45 100.98 NOTE
r-devel-linux-x86_64-fedora-clang 1.1.1 185.37 NOTE
r-devel-linux-x86_64-fedora-gcc 1.1.1 188.54 NOTE
r-devel-windows-x86_64 1.1.1 45.00 171.00 216.00 NOTE
r-patched-linux-x86_64 1.1.1 13.22 121.84 135.06 NOTE
r-release-linux-x86_64 1.1.1 6.57 122.41 128.98 NOTE
r-release-macos-arm64 1.1.1 44.00 NOTE
r-release-macos-x86_64 1.1.1 65.00 NOTE
r-release-windows-x86_64 1.1.1 61.00 173.00 234.00 NOTE
r-oldrel-macos-arm64 1.1.1 60.00 NOTE
r-oldrel-macos-x86_64 1.1.1 87.00 NOTE
r-oldrel-windows-ix86+x86_64 1.1.1 16.00 167.00 183.00 NOTE

Check Details

Version: 1.1.1
Check: LazyData
Result: NOTE
     'LazyData' is specified without a 'data' directory
Flavors: r-devel-linux-x86_64-debian-clang, r-devel-linux-x86_64-debian-gcc, r-devel-linux-x86_64-fedora-clang, r-devel-linux-x86_64-fedora-gcc, r-devel-windows-x86_64, r-patched-linux-x86_64, r-release-linux-x86_64, r-release-macos-arm64, r-release-macos-x86_64, r-release-windows-x86_64, r-oldrel-macos-arm64, r-oldrel-macos-x86_64, r-oldrel-windows-ix86+x86_64