Last updated on 2022-06-29 20:53:15 CEST.
Flavor | Version | Tinstall | Tcheck | Ttotal | Status | Flags |
---|---|---|---|---|---|---|
r-devel-linux-x86_64-debian-clang | 3.5.1 | 5.62 | 127.45 | 133.07 | NOTE | |
r-devel-linux-x86_64-debian-gcc | 3.5.1 | 4.30 | 99.23 | 103.53 | NOTE | |
r-devel-linux-x86_64-fedora-clang | 3.5.1 | 170.25 | NOTE | |||
r-devel-linux-x86_64-fedora-gcc | 3.5.1 | 195.26 | NOTE | |||
r-devel-windows-x86_64 | 3.5.1 | 62.00 | 244.00 | 306.00 | NOTE | |
r-patched-linux-x86_64 | 3.5.1 | 4.83 | 125.61 | 130.44 | NOTE | |
r-release-linux-x86_64 | 3.5.1 | 6.32 | 122.80 | 129.12 | NOTE | |
r-release-macos-arm64 | 3.5.1 | 71.00 | NOTE | |||
r-release-macos-x86_64 | 3.5.1 | 113.00 | NOTE | |||
r-release-windows-x86_64 | 3.5.1 | 44.00 | 253.00 | 297.00 | NOTE | |
r-oldrel-macos-arm64 | 3.5.1 | 113.00 | NOTE | |||
r-oldrel-macos-x86_64 | 3.5.1 | 159.00 | NOTE | |||
r-oldrel-windows-ix86+x86_64 | 3.5.1 | 13.00 | 388.00 | 401.00 | NOTE |
Version: 3.5.1
Check: LazyData
Result: NOTE
'LazyData' is specified without a 'data' directory
Flavors: r-devel-linux-x86_64-debian-clang, r-devel-linux-x86_64-debian-gcc, r-devel-linux-x86_64-fedora-clang, r-devel-linux-x86_64-fedora-gcc, r-devel-windows-x86_64, r-patched-linux-x86_64, r-release-linux-x86_64, r-release-macos-arm64, r-release-macos-x86_64, r-release-windows-x86_64, r-oldrel-macos-arm64, r-oldrel-macos-x86_64, r-oldrel-windows-ix86+x86_64