Last updated on 2023-12-10 09:52:36 CET.
Flavor | Version | Tinstall | Tcheck | Ttotal | Status | Flags |
---|---|---|---|---|---|---|
r-devel-linux-x86_64-debian-clang | 2023.05.18 | 10.22 | 51.61 | 61.83 | OK | |
r-devel-linux-x86_64-debian-gcc | 2023.05.18 | 9.62 | 38.62 | 48.24 | OK | |
r-devel-linux-x86_64-fedora-clang | 2023.05.18 | 78.67 | NOTE | |||
r-devel-linux-x86_64-fedora-gcc | 2023.05.18 | 86.16 | NOTE | |||
r-devel-windows-x86_64 | 2023.05.18 | 10.00 | 61.00 | 71.00 | OK | |
r-patched-linux-x86_64 | 2023.05.18 | 10.40 | 49.61 | 60.01 | OK | |
r-release-linux-x86_64 | 2023.05.18 | 9.46 | 49.93 | 59.39 | OK | |
r-release-macos-arm64 | 2023.05.18 | 37.00 | OK | |||
r-release-macos-x86_64 | 2023.05.18 | 98.00 | OK | |||
r-release-windows-x86_64 | 2023.05.18 | 10.00 | 62.00 | 72.00 | OK | |
r-oldrel-macos-arm64 | 2023.05.18 | 36.00 | OK | |||
r-oldrel-macos-x86_64 | 2023.05.18 | 48.00 | OK | |||
r-oldrel-windows-x86_64 | 2023.05.18 | 12.00 | 69.00 | 81.00 | OK |
Version: 2023.05.18
Check: data for non-ASCII characters
Result: NOTE
Note: found 213180 marked UTF-8 strings
Flavors: r-devel-linux-x86_64-fedora-clang, r-devel-linux-x86_64-fedora-gcc