CRAN Package Check Results for Package covid19india

Last updated on 2021-11-26 23:49:57 CET.

Flavor Version Tinstall Tcheck Ttotal Status Flags
r-devel-linux-x86_64-debian-clang 0.1.4 16.44 127.29 143.73 OK
r-devel-linux-x86_64-debian-gcc 0.1.4 9.97 99.32 109.29 OK
r-devel-linux-x86_64-fedora-clang 0.1.4 183.21 NOTE
r-devel-linux-x86_64-fedora-gcc 0.1.4 171.96 NOTE
r-devel-windows-x86_64-new-UL 0.1.4 18.00 175.00 193.00 OK
r-devel-windows-x86_64-new-TK 0.1.4 NOTE
r-devel-windows-x86_64-old 0.1.4 21.00 162.00 183.00 OK
r-patched-linux-x86_64 0.1.4 16.45 121.04 137.49 OK
r-patched-solaris-x86 0.1.4 229.40 NOTE
r-release-linux-x86_64 0.1.4 OK
r-release-macos-arm64 0.1.4 NOTE
r-release-macos-x86_64 0.1.4 NOTE
r-release-windows-ix86+x86_64 0.1.4 41.00 115.00 156.00 OK
r-oldrel-macos-x86_64 0.1.4 NOTE
r-oldrel-windows-ix86+x86_64 0.1.4 39.00 151.00 190.00 OK

Check Details

Version: 0.1.4
Check: dependencies in R code
Result: NOTE
    Namespaces in Imports field not imported from:
     ‘httr’ ‘stringr’
     All declared Imports should be used.
Flavors: r-devel-linux-x86_64-fedora-clang, r-devel-linux-x86_64-fedora-gcc, r-devel-windows-x86_64-new-TK, r-patched-solaris-x86, r-release-macos-arm64, r-release-macos-x86_64, r-oldrel-macos-x86_64