CRAN Package Check Results for Package covid19brazil

Last updated on 2022-08-09 00:52:19 CEST.

Flavor Version Tinstall Tcheck Ttotal Status Flags
r-devel-linux-x86_64-debian-clang 0.1.0 72.32 65.62 137.94 OK
r-devel-linux-x86_64-debian-gcc 0.1.0 60.39 52.40 112.79 OK
r-devel-linux-x86_64-fedora-clang 0.1.0 202.76 NOTE
r-devel-linux-x86_64-fedora-gcc 0.1.0 199.38 NOTE
r-devel-windows-x86_64 0.1.0 73.00 89.00 162.00 OK
r-patched-linux-x86_64 0.1.0 55.04 65.00 120.04 OK
r-release-linux-x86_64 0.1.0 OK
r-release-macos-arm64 0.1.0 84.00 NOTE
r-release-macos-x86_64 0.1.0 84.00 NOTE
r-release-windows-x86_64 0.1.0 68.00 89.00 157.00 OK
r-oldrel-macos-arm64 0.1.0 79.00 NOTE
r-oldrel-macos-x86_64 0.1.0 84.00 NOTE
r-oldrel-windows-ix86+x86_64 0.1.0 108.00 90.00 198.00 OK

Check Details

Version: 0.1.0
Check: data for non-ASCII characters
Result: NOTE
     Note: found 1934235 marked UTF-8 strings
Flavors: r-devel-linux-x86_64-fedora-clang, r-devel-linux-x86_64-fedora-gcc, r-release-macos-arm64, r-release-macos-x86_64, r-oldrel-macos-arm64, r-oldrel-macos-x86_64

Version: 0.1.0
Check: installed package size
Result: NOTE
     installed size is 5.2Mb
     sub-directories of 1Mb or more:
     data 5.1Mb
Flavors: r-release-macos-arm64, r-oldrel-macos-arm64