CRAN Package Check Results for Package coveffectsplot

Last updated on 2019-02-22 00:52:13 CET.

Flavor Version Tinstall Tcheck Ttotal Status Flags
r-devel-linux-x86_64-debian-clang 0.0.2 1.62 38.62 40.24 OK
r-devel-linux-x86_64-debian-gcc 0.0.2 1.44 29.30 30.74 OK
r-devel-linux-x86_64-fedora-clang 0.0.2 48.29 NOTE
r-devel-linux-x86_64-fedora-gcc 0.0.2 44.54 NOTE
r-devel-windows-ix86+x86_64 0.0.2 8.00 59.00 67.00 OK
r-patched-linux-x86_64 0.0.2 1.59 36.94 38.53 OK
r-patched-solaris-x86 0.0.2 61.60 WARN
r-release-linux-x86_64 0.0.2 OK
r-release-windows-ix86+x86_64 0.0.2 6.00 76.00 82.00 OK
r-release-osx-x86_64 0.0.2 WARN
r-oldrel-windows-ix86+x86_64 0.0.2 4.00 73.00 77.00 OK
r-oldrel-osx-x86_64 0.0.2 WARN

Check Details

Version: 0.0.2
Check: dependencies in R code
Result: NOTE
    Namespaces in Imports field not imported from:
     ‘colourpicker’ ‘dplyr’ ‘markdown’ ‘shinyjs’ ‘tidyr’
     All declared Imports should be used.
Flavors: r-devel-linux-x86_64-fedora-clang, r-devel-linux-x86_64-fedora-gcc, r-patched-solaris-x86, r-release-osx-x86_64, r-oldrel-osx-x86_64

Version: 0.0.2
Check: re-building of vignette outputs
Result: WARN
    Error in re-building vignettes:
     ...
    Warning in engine$weave(file, quiet = quiet, encoding = enc) :
     Pandoc (>= 1.12.3) and/or pandoc-citeproc not available. Falling back to R Markdown v1.
    Quitting from lines 253-361 (introduction_to_coveffectsplot.Rmd)
    Error: processing vignette 'introduction_to_coveffectsplot.Rmd' failed with diagnostics:
    there is no package called 'webshot'
    Execution halted
Flavor: r-patched-solaris-x86

Version: 0.0.2
Check: re-building of vignette outputs
Result: WARN
    Error in re-building vignettes:
     ...
    Warning in engine$weave(file, quiet = quiet, encoding = enc) :
     Pandoc (>= 1.12.3) and/or pandoc-citeproc not available. Falling back to R Markdown v1.
    Quitting from lines 253-361 (introduction_to_coveffectsplot.Rmd)
    Error: processing vignette 'introduction_to_coveffectsplot.Rmd' failed with diagnostics:
    cannot open the connection
    Execution halted
Flavors: r-release-osx-x86_64, r-oldrel-osx-x86_64