CRAN Package Check Results for Package covatest

Last updated on 2020-04-05 05:47:08 CEST.

Flavor Version Tinstall Tcheck Ttotal Status Flags
r-devel-linux-x86_64-debian-clang 1.1.2 16.50 86.78 103.28 OK
r-devel-linux-x86_64-debian-gcc 1.1.2 13.85 69.02 82.87 OK
r-devel-linux-x86_64-fedora-clang 1.1.2 128.72 NOTE
r-devel-linux-x86_64-fedora-gcc 1.1.2 130.43 NOTE
r-devel-windows-ix86+x86_64 1.1.2 26.00 94.00 120.00 OK
r-devel-windows-ix86+x86_64-gcc8 1.1.2 30.00 97.00 127.00 OK
r-patched-linux-x86_64 1.1.2 15.81 88.33 104.14 OK
r-patched-solaris-x86 1.1.2 177.70 NOTE
r-release-linux-x86_64 1.1.2 14.38 80.41 94.79 OK
r-release-windows-ix86+x86_64 1.1.2 22.00 143.00 165.00 OK
r-release-osx-x86_64 1.1.2 NOTE
r-oldrel-windows-ix86+x86_64 1.1.2 23.00 85.00 108.00 OK
r-oldrel-osx-x86_64 1.1.2 NOTE

Check Details

Version: 1.1.2
Check: dependencies in R code
Result: NOTE
    Namespace in Imports field not imported from: ‘gstat’
     All declared Imports should be used.
Flavors: r-devel-linux-x86_64-fedora-clang, r-devel-linux-x86_64-fedora-gcc, r-patched-solaris-x86, r-release-osx-x86_64, r-oldrel-osx-x86_64