CRAN Package Check Results for Package covTestR

Last updated on 2019-01-16 06:47:05 CET.

Flavor Version Tinstall Tcheck Ttotal Status Flags
r-devel-linux-x86_64-debian-clang 0.1.4 143.78 27.90 171.68 OK
r-devel-linux-x86_64-debian-gcc 0.1.4 136.73 21.85 158.58 OK
r-devel-linux-x86_64-fedora-clang 0.1.4 273.79 NOTE
r-devel-linux-x86_64-fedora-gcc 0.1.4 254.69 OK
r-devel-windows-ix86+x86_64 0.1.4 307.00 63.00 370.00 OK
r-patched-linux-x86_64 0.1.4 159.28 25.84 185.12 OK
r-patched-solaris-x86 0.1.4 223.70 OK
r-release-linux-x86_64 0.1.4 160.74 25.63 186.37 OK
r-release-windows-ix86+x86_64 0.1.4 448.00 62.00 510.00 OK
r-release-osx-x86_64 0.1.4 OK
r-oldrel-windows-ix86+x86_64 0.1.4 414.00 78.00 492.00 OK
r-oldrel-osx-x86_64 0.1.4 OK

Check Details

Version: 0.1.4
Check: installed package size
Result: NOTE
     installed size is 5.6Mb
     sub-directories of 1Mb or more:
     libs 5.4Mb
Flavor: r-devel-linux-x86_64-fedora-clang