CRAN Package Check Results for Package covTestR

Last updated on 2019-03-20 01:50:43 CET.

Flavor Version Tinstall Tcheck Ttotal Status Flags
r-devel-linux-x86_64-debian-clang 0.1.4 138.22 27.86 166.08 OK
r-devel-linux-x86_64-debian-gcc 0.1.4 119.02 21.74 140.76 OK
r-devel-linux-x86_64-fedora-clang 0.1.4 273.74 NOTE
r-devel-linux-x86_64-fedora-gcc 0.1.4 255.50 OK
r-devel-windows-ix86+x86_64 0.1.4 457.00 87.00 544.00 OK
r-patched-linux-x86_64 0.1.4 146.22 25.47 171.69 OK
r-patched-solaris-x86 0.1.4 225.40 OK
r-release-linux-x86_64 0.1.4 142.28 25.95 168.23 OK
r-release-windows-ix86+x86_64 0.1.4 412.00 60.00 472.00 OK
r-release-osx-x86_64 0.1.4 OK
r-oldrel-windows-ix86+x86_64 0.1.4 352.00 74.00 426.00 OK
r-oldrel-osx-x86_64 0.1.4 OK

Check Details

Version: 0.1.4
Check: installed package size
Result: NOTE
     installed size is 5.6Mb
     sub-directories of 1Mb or more:
     libs 5.4Mb
Flavor: r-devel-linux-x86_64-fedora-clang