CRAN Package Check Results for Package covBM

Last updated on 2019-06-24 12:46:53 CEST.

Flavor Version Tinstall Tcheck Ttotal Status Flags
r-devel-linux-x86_64-debian-clang 0.1.0 2.88 50.96 53.84 OK
r-devel-linux-x86_64-debian-gcc 0.1.0 2.16 39.81 41.97 OK
r-devel-linux-x86_64-fedora-clang 0.1.0 67.54 NOTE
r-devel-linux-x86_64-fedora-gcc 0.1.0 64.82 NOTE
r-devel-windows-ix86+x86_64 0.1.0 13.00 85.00 98.00 OK
r-patched-linux-x86_64 0.1.0 2.97 51.66 54.63 OK
r-patched-solaris-x86 0.1.0 86.30 OK
r-release-linux-x86_64 0.1.0 3.02 50.92 53.94 OK
r-release-windows-ix86+x86_64 0.1.0 8.00 112.00 120.00 OK
r-release-osx-x86_64 0.1.0 OK
r-oldrel-windows-ix86+x86_64 0.1.0 7.00 86.00 93.00 OK
r-oldrel-osx-x86_64 0.1.0 OK

Check Details

Version: 0.1.0
Check: compiled code
Result: NOTE
    File ‘covBM/libs/covBM.so’:
     Found no calls to: ‘R_registerRoutines’, ‘R_useDynamicSymbols’
    
    It is good practice to register native routines and to disable symbol
    search.
    
    See ‘Writing portable packages’ in the ‘Writing R Extensions’ manual.
Flavors: r-devel-linux-x86_64-fedora-clang, r-devel-linux-x86_64-fedora-gcc