CRAN Package Check Results for Package countrycode

Last updated on 2022-05-23 14:53:24 CEST.

Flavor Version Tinstall Tcheck Ttotal Status Flags
r-devel-linux-x86_64-debian-clang 1.4.0 4.79 101.30 106.09 OK
r-devel-linux-x86_64-debian-gcc 1.4.0 4.02 73.53 77.55 OK
r-devel-linux-x86_64-fedora-clang 1.4.0 122.39 NOTE
r-devel-linux-x86_64-fedora-gcc 1.4.0 120.37 NOTE
r-devel-windows-x86_64 1.4.0 35.00 256.00 291.00 OK
r-patched-linux-x86_64 1.4.0 4.58 97.20 101.78 OK
r-release-linux-x86_64 1.4.0 OK
r-release-macos-arm64 1.4.0 46.00 NOTE
r-release-macos-x86_64 1.4.0 74.00 NOTE
r-release-windows-x86_64 1.4.0 36.00 256.00 292.00 OK
r-oldrel-macos-arm64 1.4.0 51.00 NOTE
r-oldrel-macos-x86_64 1.4.0 64.00 NOTE
r-oldrel-windows-ix86+x86_64 1.4.0 9.00 193.00 202.00 OK

Check Details

Version: 1.4.0
Check: data for non-ASCII characters
Result: NOTE
     Note: found 139613 marked UTF-8 strings
Flavors: r-devel-linux-x86_64-fedora-clang, r-devel-linux-x86_64-fedora-gcc, r-release-macos-arm64, r-release-macos-x86_64, r-oldrel-macos-arm64, r-oldrel-macos-x86_64