Last updated on 2025-01-23 17:49:05 CET.
Flavor | Version | Tinstall | Tcheck | Ttotal | Status | Flags |
---|---|---|---|---|---|---|
r-devel-linux-x86_64-debian-clang | 1.4 | 6.15 | 71.51 | 77.66 | NOTE | |
r-devel-linux-x86_64-debian-gcc | 1.4 | 4.32 | 49.53 | 53.85 | NOTE | |
r-devel-linux-x86_64-fedora-clang | 1.4 | 131.01 | NOTE | |||
r-devel-linux-x86_64-fedora-gcc | 1.4 | 130.31 | NOTE | |||
r-devel-windows-x86_64 | 1.4 | 8.00 | 90.00 | 98.00 | NOTE | |
r-patched-linux-x86_64 | 1.4 | 6.24 | 66.36 | 72.60 | NOTE | |
r-release-linux-x86_64 | 1.4 | 6.52 | 66.60 | 73.12 | NOTE | |
r-release-macos-arm64 | 1.4 | 43.00 | NOTE | |||
r-release-macos-x86_64 | 1.4 | 64.00 | NOTE | |||
r-release-windows-x86_64 | 1.4 | 8.00 | 88.00 | 96.00 | NOTE | |
r-oldrel-macos-arm64 | 1.4 | 40.00 | OK | |||
r-oldrel-macos-x86_64 | 1.4 | 64.00 | OK | |||
r-oldrel-windows-x86_64 | 1.4 | 11.00 | 101.00 | 112.00 | OK |
Version: 1.4
Check: Rd files
Result: NOTE
checkRd: (-1) summary_fitlist.Rd:15: Lost braces in \itemize; \value handles \item{}{} directly
checkRd: (-1) summary_fitlist.Rd:16: Lost braces in \itemize; \value handles \item{}{} directly
checkRd: (-1) summary_fitlist.Rd:17: Lost braces in \itemize; \value handles \item{}{} directly
checkRd: (-1) summary_fitlist.Rd:18: Lost braces in \itemize; \value handles \item{}{} directly
checkRd: (-1) summary_fitlist.Rd:19: Lost braces in \itemize; \value handles \item{}{} directly
Flavors: r-devel-linux-x86_64-debian-clang, r-devel-linux-x86_64-debian-gcc, r-devel-linux-x86_64-fedora-clang, r-devel-linux-x86_64-fedora-gcc, r-devel-windows-x86_64, r-patched-linux-x86_64, r-release-linux-x86_64, r-release-macos-arm64, r-release-macos-x86_64, r-release-windows-x86_64