CRAN Package Check Results for Package corrplot

Last updated on 2019-04-22 16:54:00 CEST.

Flavor Version Tinstall Tcheck Ttotal Status Flags
r-devel-linux-x86_64-debian-clang 0.84 3.14 35.34 38.48 OK
r-devel-linux-x86_64-debian-gcc 0.84 2.20 28.18 30.38 OK
r-devel-linux-x86_64-fedora-clang 0.84 46.15 NOTE
r-devel-linux-x86_64-fedora-gcc 0.84 46.99 OK
r-devel-windows-ix86+x86_64 0.84 8.00 55.00 63.00 NOTE
r-patched-linux-x86_64 0.84 2.69 35.76 38.45 OK
r-patched-solaris-x86 0.84 69.10 NOTE
r-release-linux-x86_64 0.84 2.55 34.62 37.17 OK
r-release-windows-ix86+x86_64 0.84 4.00 72.00 76.00 NOTE
r-release-osx-x86_64 0.84 NOTE
r-oldrel-windows-ix86+x86_64 0.84 4.00 71.00 75.00 NOTE
r-oldrel-osx-x86_64 0.84 NOTE

Check Details

Version: 0.84
Check: installed package size
Result: NOTE
     installed size is 7.0Mb
     sub-directories of 1Mb or more:
     doc 6.9Mb
Flavors: r-devel-linux-x86_64-fedora-clang, r-devel-windows-ix86+x86_64, r-patched-solaris-x86, r-release-windows-ix86+x86_64, r-release-osx-x86_64, r-oldrel-windows-ix86+x86_64, r-oldrel-osx-x86_64