CRAN Package Check Results for Package corrplot

Last updated on 2019-07-19 15:46:56 CEST.

Flavor Version Tinstall Tcheck Ttotal Status Flags
r-devel-linux-x86_64-debian-clang 0.84 3.06 35.14 38.20 OK
r-devel-linux-x86_64-debian-gcc 0.84 2.24 28.04 30.28 OK
r-devel-linux-x86_64-fedora-clang 0.84 46.57 NOTE
r-devel-linux-x86_64-fedora-gcc 0.84 46.83 OK
r-devel-windows-ix86+x86_64 0.84 8.00 53.00 61.00 NOTE
r-patched-linux-x86_64 0.84 2.92 35.34 38.26 OK
r-patched-solaris-x86 0.84 72.00 NOTE
r-release-linux-x86_64 0.84 2.99 35.35 38.34 OK
r-release-windows-ix86+x86_64 0.84 6.00 54.00 60.00 NOTE
r-release-osx-x86_64 0.84 NOTE
r-oldrel-windows-ix86+x86_64 0.84 4.00 67.00 71.00 NOTE
r-oldrel-osx-x86_64 0.84 NOTE

Check Details

Version: 0.84
Check: installed package size
Result: NOTE
     installed size is 7.0Mb
     sub-directories of 1Mb or more:
     doc 6.9Mb
Flavors: r-devel-linux-x86_64-fedora-clang, r-devel-windows-ix86+x86_64, r-patched-solaris-x86, r-release-windows-ix86+x86_64, r-release-osx-x86_64, r-oldrel-windows-ix86+x86_64, r-oldrel-osx-x86_64