CRAN Package Check Results for Package correlbinom

Last updated on 2022-08-11 03:52:03 CEST.

Flavor Version Tinstall Tcheck Ttotal Status Flags
r-devel-linux-x86_64-debian-clang 0.0.1 3.68 43.40 47.08 NOTE
r-devel-linux-x86_64-debian-gcc 0.0.1 3.48 33.22 36.70 NOTE
r-devel-linux-x86_64-fedora-clang 0.0.1 68.30 NOTE
r-devel-linux-x86_64-fedora-gcc 0.0.1 68.99 NOTE
r-devel-windows-x86_64 0.0.1 10.00 69.00 79.00 NOTE
r-patched-linux-x86_64 0.0.1 4.76 42.75 47.51 NOTE
r-release-linux-x86_64 0.0.1 NOTE
r-release-macos-arm64 0.0.1 20.00 NOTE
r-release-macos-x86_64 0.0.1 29.00 NOTE
r-release-windows-x86_64 0.0.1 7.00 73.00 80.00 NOTE
r-oldrel-macos-arm64 0.0.1 27.00 NOTE
r-oldrel-macos-x86_64 0.0.1 42.00 NOTE
r-oldrel-windows-ix86+x86_64 0.0.1 10.00 60.00 70.00 NOTE

Check Details

Version: 0.0.1
Check: LazyData
Result: NOTE
     'LazyData' is specified without a 'data' directory
Flavors: r-devel-linux-x86_64-debian-clang, r-devel-linux-x86_64-debian-gcc, r-devel-linux-x86_64-fedora-clang, r-devel-linux-x86_64-fedora-gcc, r-devel-windows-x86_64, r-patched-linux-x86_64, r-release-linux-x86_64, r-release-macos-arm64, r-release-macos-x86_64, r-release-windows-x86_64, r-oldrel-macos-arm64, r-oldrel-macos-x86_64, r-oldrel-windows-ix86+x86_64