Last updated on 2023-11-29 12:56:43 CET.
Flavor | Version | Tinstall | Tcheck | Ttotal | Status | Flags |
---|---|---|---|---|---|---|
r-devel-linux-x86_64-debian-clang | 0.2.0 | 18.50 | 213.42 | 231.92 | OK | |
r-devel-linux-x86_64-debian-gcc | 0.2.0 | 13.02 | 161.19 | 174.21 | OK | |
r-devel-linux-x86_64-fedora-clang | 0.2.0 | 293.27 | NOTE | |||
r-devel-linux-x86_64-fedora-gcc | 0.2.0 | 302.93 | NOTE | |||
r-devel-windows-x86_64 | 0.2.0 | 15.00 | 182.00 | 197.00 | OK | |
r-patched-linux-x86_64 | 0.2.0 | 18.99 | 204.25 | 223.24 | OK | |
r-release-linux-x86_64 | 0.2.0 | 12.73 | 203.94 | 216.67 | OK | |
r-release-macos-arm64 | 0.2.0 | 84.00 | OK | |||
r-release-macos-x86_64 | 0.2.0 | 143.00 | OK | |||
r-release-windows-x86_64 | 0.2.0 | 21.00 | 224.00 | 245.00 | OK | |
r-oldrel-macos-arm64 | 0.2.0 | 74.00 | NOTE | |||
r-oldrel-macos-x86_64 | 0.2.0 | 127.00 | NOTE | |||
r-oldrel-windows-x86_64 | 0.2.0 | 22.00 | 228.00 | 250.00 | OK |
Version: 0.2.0
Check: dependencies in R code
Result: NOTE
Namespace in Imports field not imported from: ‘utils’
All declared Imports should be used.
Flavors: r-devel-linux-x86_64-fedora-clang, r-devel-linux-x86_64-fedora-gcc, r-oldrel-macos-arm64, r-oldrel-macos-x86_64