Last updated on 2023-10-04 14:03:45 CEST.
Flavor | Version | Tinstall | Tcheck | Ttotal | Status | Flags |
---|---|---|---|---|---|---|
r-devel-linux-x86_64-debian-clang | 0.8.4 | 5.51 | 191.90 | 197.41 | OK | |
r-devel-linux-x86_64-debian-gcc | 0.8.4 | 5.77 | 143.65 | 149.42 | OK | |
r-devel-linux-x86_64-fedora-clang | 0.8.4 | 257.01 | OK | |||
r-devel-linux-x86_64-fedora-gcc | 0.8.4 | 251.24 | OK | |||
r-devel-windows-x86_64 | 0.8.4 | 6.00 | 177.00 | 183.00 | OK | |
r-patched-linux-x86_64 | 0.8.4 | 10.64 | 183.03 | 193.67 | OK | |
r-release-linux-x86_64 | 0.8.4 | 5.91 | 183.80 | 189.71 | OK | |
r-release-macos-arm64 | 0.8.4 | 74.00 | OK | |||
r-release-macos-x86_64 | 0.8.4 | 153.00 | NOTE | |||
r-release-windows-x86_64 | 0.8.4 | 8.00 | 209.00 | 217.00 | OK | |
r-oldrel-macos-arm64 | 0.8.4 | 75.00 | OK | |||
r-oldrel-macos-x86_64 | 0.8.4 | 98.00 | OK | |||
r-oldrel-windows-x86_64 | 0.8.4 | 8.00 | 204.00 | 212.00 | OK |
Version: 0.8.4
Check: package dependencies
Result: NOTE
Package suggested but not available for checking: ‘rstanarm’
Flavor: r-release-macos-x86_64