Last updated on 2022-06-26 20:51:35 CEST.
Flavor | Version | Tinstall | Tcheck | Ttotal | Status | Flags |
---|---|---|---|---|---|---|
r-devel-linux-x86_64-debian-clang | 0.4.10 | 97.76 | 182.72 | 280.48 | NOTE | |
r-devel-linux-x86_64-debian-gcc | 0.4.10 | 80.05 | 127.37 | 207.42 | NOTE | |
r-devel-linux-x86_64-fedora-clang | 0.4.10 | 373.94 | NOTE | |||
r-devel-linux-x86_64-fedora-gcc | 0.4.10 | 338.21 | NOTE | |||
r-devel-windows-x86_64 | 0.4.10 | 182.00 | 229.00 | 411.00 | NOTE | |
r-patched-linux-x86_64 | 0.4.10 | 88.88 | 162.74 | 251.62 | OK | |
r-release-linux-x86_64 | 0.4.10 | 76.78 | 163.79 | 240.57 | OK | |
r-release-macos-arm64 | 0.4.10 | 87.00 | NOTE | |||
r-release-macos-x86_64 | 0.4.10 | 119.00 | NOTE | |||
r-release-windows-x86_64 | 0.4.10 | 185.00 | 234.00 | 419.00 | OK | |
r-oldrel-macos-arm64 | 0.4.10 | 83.00 | NOTE | |||
r-oldrel-macos-x86_64 | 0.4.10 | 115.00 | NOTE | |||
r-oldrel-windows-ix86+x86_64 | 0.4.10 | 229.00 | 275.00 | 504.00 | OK |
Version: 0.4.10
Check: Rd files
Result: NOTE
checkRd: (-1) sgt.Rd:16: Escaped LaTeX specials: \&
Flavors: r-devel-linux-x86_64-debian-clang, r-devel-linux-x86_64-debian-gcc, r-devel-linux-x86_64-fedora-clang, r-devel-linux-x86_64-fedora-gcc, r-devel-windows-x86_64
Version: 0.4.10
Check: data for non-ASCII characters
Result: NOTE
Note: found 438 marked UTF-8 strings
Flavors: r-devel-linux-x86_64-fedora-clang, r-devel-linux-x86_64-fedora-gcc, r-release-macos-arm64, r-release-macos-x86_64, r-oldrel-macos-arm64, r-oldrel-macos-x86_64