CRAN Package Check Results for Package coroICA

Last updated on 2021-06-23 03:50:30 CEST.

Flavor Version Tinstall Tcheck Ttotal Status Flags
r-devel-linux-x86_64-debian-clang 1.0.2 2.35 29.26 31.61 NOTE
r-devel-linux-x86_64-debian-gcc 1.0.2 1.90 22.09 23.99 NOTE
r-devel-linux-x86_64-fedora-clang 1.0.2 46.46 NOTE
r-devel-linux-x86_64-fedora-gcc 1.0.2 36.73 NOTE
r-devel-windows-x86_64 1.0.2 5.00 41.00 46.00 NOTE
r-devel-windows-x86_64-gcc10-UCRT 1.0.2 NOTE
r-patched-linux-x86_64 1.0.2 2.21 28.20 30.41 NOTE
r-patched-solaris-x86 1.0.2 53.00 NOTE
r-release-linux-x86_64 1.0.2 2.25 28.09 30.34 NOTE
r-release-macos-arm64 1.0.2 NOTE
r-release-macos-x86_64 1.0.2 NOTE
r-release-windows-ix86+x86_64 1.0.2 5.00 45.00 50.00 NOTE
r-oldrel-macos-x86_64 1.0.2 OK

Check Details

Version: 1.0.2
Check: LazyData
Result: NOTE
     'LazyData' is specified without a 'data' directory
Flavors: r-devel-linux-x86_64-debian-clang, r-devel-linux-x86_64-debian-gcc, r-devel-linux-x86_64-fedora-clang, r-devel-linux-x86_64-fedora-gcc, r-devel-windows-x86_64, r-devel-windows-x86_64-gcc10-UCRT, r-patched-linux-x86_64, r-patched-solaris-x86, r-release-linux-x86_64, r-release-macos-arm64, r-release-macos-x86_64, r-release-windows-ix86+x86_64