Last updated on 2021-03-09 03:53:36 CET.
Flavor | Version | Tinstall | Tcheck | Ttotal | Status | Flags |
---|---|---|---|---|---|---|
r-devel-linux-x86_64-debian-clang | 1.0.1 | 3.60 | 49.78 | 53.38 | OK | |
r-devel-linux-x86_64-debian-gcc | 1.0.1 | 2.70 | 38.05 | 40.75 | OK | |
r-devel-linux-x86_64-fedora-clang | 1.0.1 | 72.80 | OK | |||
r-devel-linux-x86_64-fedora-gcc | 1.0.1 | 63.34 | OK | |||
r-devel-windows-ix86+x86_64 | 1.0.1 | 7.00 | 52.00 | 59.00 | OK | |
r-devel-windows-x86_64-gcc10-UCRT | 1.0.1 | OK | ||||
r-patched-linux-x86_64 | 1.0.1 | 3.27 | 47.52 | 50.79 | OK | |
r-patched-solaris-x86 | 1.0.1 | 86.20 | ERROR | |||
r-release-linux-x86_64 | 1.0.1 | 2.96 | 47.11 | 50.07 | OK | |
r-release-macos-x86_64 | 1.0.1 | OK | ||||
r-release-windows-ix86+x86_64 | 1.0.1 | 7.00 | 69.00 | 76.00 | OK | |
r-oldrel-macos-x86_64 | 1.0.1 | OK | ||||
r-oldrel-windows-ix86+x86_64 | 1.0.1 | 6.00 | 50.00 | 56.00 | OK |
Version: 1.0.1
Check: tests
Result: ERROR
Running ‘testthat.R’ [0m/180m]
Running the tests in ‘tests/testthat.R’ failed.
Complete output:
> library(testthat)
> library(coro)
>
> test_check("coro")
Execution halted
Flavor: r-patched-solaris-x86