CRAN Package Check Results for Package corels

Last updated on 2020-09-23 14:12:27 CEST.

Flavor Version Tinstall Tcheck Ttotal Status Flags
r-devel-linux-x86_64-debian-clang 0.0.2 38.63 26.22 64.85 OK
r-devel-linux-x86_64-debian-gcc 0.0.2 26.90 20.71 47.61 OK
r-devel-linux-x86_64-fedora-clang 0.0.2 111.98 NOTE
r-devel-linux-x86_64-fedora-gcc 0.0.2 81.93 OK
r-devel-windows-ix86+x86_64 0.0.2 118.00 61.00 179.00 OK
r-patched-linux-x86_64 0.0.2 28.88 25.37 54.25 OK
r-patched-solaris-x86 0.0.2 89.70 NOTE
r-release-linux-x86_64 0.0.2 28.77 25.33 54.10 OK
r-release-macos-x86_64 0.0.2 NOTE
r-release-windows-ix86+x86_64 0.0.2 100.00 76.00 176.00 OK
r-oldrel-macos-x86_64 0.0.2 NOTE
r-oldrel-windows-ix86+x86_64 0.0.2 79.00 66.00 145.00 OK

Check Details

Version: 0.0.2
Check: installed package size
Result: NOTE
     installed size is 5.5Mb
     sub-directories of 1Mb or more:
     libs 2.7Mb
     sample_data 2.6Mb
Flavors: r-devel-linux-x86_64-fedora-clang, r-patched-solaris-x86, r-release-macos-x86_64, r-oldrel-macos-x86_64