CRAN Package Check Results for Package coreTDT

Last updated on 2019-07-21 07:49:07 CEST.

Flavor Version Tinstall Tcheck Ttotal Status Flags
r-devel-linux-x86_64-debian-clang 1.0 1.94 19.89 21.83 NOTE
r-devel-linux-x86_64-debian-gcc 1.0 1.54 16.38 17.92 NOTE
r-devel-linux-x86_64-fedora-clang 1.0 26.55 NOTE
r-devel-linux-x86_64-fedora-gcc 1.0 25.61 NOTE
r-devel-windows-ix86+x86_64 1.0 4.00 32.00 36.00 NOTE
r-patched-linux-x86_64 1.0 1.73 19.80 21.53 NOTE
r-patched-solaris-x86 1.0 41.90 NOTE
r-release-linux-x86_64 1.0 1.98 19.93 21.91 NOTE
r-release-windows-ix86+x86_64 1.0 4.00 42.00 46.00 NOTE
r-release-osx-x86_64 1.0 NOTE
r-oldrel-windows-ix86+x86_64 1.0 2.00 30.00 32.00 NOTE
r-oldrel-osx-x86_64 1.0 NOTE

Check Details

Version: 1.0
Check: DESCRIPTION meta-information
Result: NOTE
    Malformed Description field: should contain one or more complete sentences.
Flavors: r-devel-linux-x86_64-debian-clang, r-devel-linux-x86_64-debian-gcc, r-devel-linux-x86_64-fedora-clang, r-devel-linux-x86_64-fedora-gcc, r-devel-windows-ix86+x86_64, r-patched-linux-x86_64, r-patched-solaris-x86, r-release-linux-x86_64, r-release-windows-ix86+x86_64, r-release-osx-x86_64, r-oldrel-windows-ix86+x86_64, r-oldrel-osx-x86_64

Version: 1.0
Check: R code for possible problems
Result: NOTE
    coreTDT_geneset: no visible global function definition for
     'write.table'
    pvalue_calculator: no visible global function definition for 'dbinom'
    Undefined global functions or variables:
     dbinom write.table
    Consider adding
     importFrom("stats", "dbinom")
     importFrom("utils", "write.table")
    to your NAMESPACE file.
Flavors: r-devel-linux-x86_64-debian-clang, r-devel-linux-x86_64-debian-gcc, r-devel-linux-x86_64-fedora-clang, r-devel-linux-x86_64-fedora-gcc, r-devel-windows-ix86+x86_64, r-patched-linux-x86_64, r-patched-solaris-x86, r-release-linux-x86_64, r-release-windows-ix86+x86_64, r-release-osx-x86_64, r-oldrel-windows-ix86+x86_64, r-oldrel-osx-x86_64