CRAN Package Check Results for Package convevol

Last updated on 2019-02-19 13:52:53 CET.

Flavor Version Tinstall Tcheck Ttotal Status Flags
r-devel-linux-x86_64-debian-clang 1.3 5.40 68.87 74.27 OK
r-devel-linux-x86_64-debian-gcc 1.3 3.90 54.09 57.99 OK
r-devel-linux-x86_64-fedora-clang 1.3 92.25 OK
r-devel-linux-x86_64-fedora-gcc 1.3 84.80 OK
r-devel-windows-ix86+x86_64 1.3 20.00 83.00 103.00 OK
r-patched-linux-x86_64 1.3 5.05 64.74 69.79 OK
r-patched-solaris-x86 1.3 132.10 OK
r-release-linux-x86_64 1.3 5.83 65.33 71.16 OK
r-release-windows-ix86+x86_64 1.3 9.00 115.00 124.00 OK
r-release-osx-x86_64 1.3 OK
r-oldrel-windows-ix86+x86_64 1.2 8.00 74.00 82.00 OK
r-oldrel-osx-x86_64 1.3 ERROR

Check Details

Version: 1.3
Check: whether package can be installed
Result: ERROR
    Installation failed.
Flavor: r-oldrel-osx-x86_64