CRAN Package Check Results for Package contribution

Last updated on 2020-08-13 06:47:23 CEST.

Flavor Version Tinstall Tcheck Ttotal Status Flags
r-devel-linux-x86_64-debian-clang 0.1.0 0.43 2.58 3.01 ERROR
r-devel-linux-x86_64-debian-gcc 0.1.0 3.71 30.47 34.18 OK
r-devel-linux-x86_64-fedora-clang 0.1.0 63.81 NOTE
r-devel-linux-x86_64-fedora-gcc 0.1.0 55.26 NOTE
r-devel-windows-ix86+x86_64 0.1.0 13.00 79.00 92.00 OK
r-patched-linux-x86_64 0.1.0 4.51 38.14 42.65 OK
r-patched-solaris-x86 0.1.0 77.80 NOTE
r-release-linux-x86_64 0.1.0 0.44 2.61 3.05 ERROR
r-release-macos-x86_64 0.1.0 NOTE
r-release-windows-ix86+x86_64 0.1.0 17.00 74.00 91.00 OK
r-oldrel-macos-x86_64 0.1.0 NOTE
r-oldrel-windows-ix86+x86_64 0.1.0 9.00 52.00 61.00 OK

Check Details

Version: 0.1.0
Check: package dependencies
Result: ERROR
    Package required but not available: 'tidyr'
    
    See section 'The DESCRIPTION file' in the 'Writing R Extensions'
    manual.
Flavors: r-devel-linux-x86_64-debian-clang, r-release-linux-x86_64

Version: 0.1.0
Check: data for non-ASCII characters
Result: NOTE
     Note: found 3 marked UTF-8 strings
Flavors: r-devel-linux-x86_64-fedora-clang, r-devel-linux-x86_64-fedora-gcc, r-patched-solaris-x86, r-release-macos-x86_64, r-oldrel-macos-x86_64