CRAN Package Check Results for Package contribution

Last updated on 2023-06-03 12:56:48 CEST.

Flavor Version Tinstall Tcheck Ttotal Status Flags
r-devel-linux-x86_64-debian-clang 0.2.2 6.15 49.27 55.42 OK
r-devel-linux-x86_64-debian-gcc 0.2.2 4.59 37.59 42.18 OK
r-devel-linux-x86_64-fedora-clang 0.2.2 83.44 NOTE
r-devel-linux-x86_64-fedora-gcc 0.2.2 86.70 NOTE
r-devel-windows-x86_64 0.2.2 8.00 81.00 89.00 OK
r-patched-linux-x86_64 0.2.2 OK
r-release-linux-x86_64 0.2.2 4.47 46.88 51.35 OK
r-release-macos-arm64 0.2.2 32.00 OK
r-release-macos-x86_64 0.2.2 48.00 OK
r-release-windows-x86_64 0.2.2 8.00 262.00 270.00 OK
r-oldrel-macos-arm64 0.2.2 30.00 NOTE
r-oldrel-macos-x86_64 0.2.2 55.00 NOTE
r-oldrel-windows-x86_64 0.2.2 10.00 262.00 272.00 OK

Check Details

Version: 0.2.2
Check: data for non-ASCII characters
Result: NOTE
     Note: found 3 marked UTF-8 strings
Flavors: r-devel-linux-x86_64-fedora-clang, r-devel-linux-x86_64-fedora-gcc, r-oldrel-macos-arm64, r-oldrel-macos-x86_64