CRAN Package Check Results for Package contribution

Last updated on 2020-01-24 10:49:22 CET.

Flavor Version Tinstall Tcheck Ttotal Status Flags
r-devel-linux-x86_64-debian-clang 0.1.0 4.72 39.57 44.29 OK
r-devel-linux-x86_64-debian-gcc 0.1.0 4.07 31.24 35.31 OK
r-devel-linux-x86_64-fedora-clang 0.1.0 54.42 NOTE
r-devel-linux-x86_64-fedora-gcc 0.1.0 52.34 NOTE
r-devel-windows-ix86+x86_64 0.1.0 18.00 96.00 114.00 OK
r-devel-windows-ix86+x86_64-gcc8 0.1.0 20.00 82.00 102.00 OK
r-patched-linux-x86_64 0.1.0 3.49 34.76 38.25 OK
r-patched-solaris-x86 0.1.0 72.80 NOTE
r-release-linux-x86_64 0.1.0 4.32 35.03 39.35 OK
r-release-windows-ix86+x86_64 0.1.0 11.00 53.00 64.00 OK
r-release-osx-x86_64 0.1.0 NOTE
r-oldrel-windows-ix86+x86_64 0.1.0 6.00 51.00 57.00 OK
r-oldrel-osx-x86_64 0.1.0 NOTE

Check Details

Version: 0.1.0
Check: data for non-ASCII characters
Result: NOTE
     Note: found 3 marked UTF-8 strings
Flavors: r-devel-linux-x86_64-fedora-clang, r-devel-linux-x86_64-fedora-gcc, r-patched-solaris-x86, r-release-osx-x86_64, r-oldrel-osx-x86_64