CRAN Package Check Results for Package consort

Last updated on 2024-02-26 23:53:03 CET.

Flavor Version Tinstall Tcheck Ttotal Status Flags
r-devel-linux-x86_64-debian-clang 1.2.1 4.39 78.58 82.97 OK
r-devel-linux-x86_64-debian-gcc 1.2.1 3.36 58.54 61.90 OK
r-devel-linux-x86_64-fedora-clang 1.2.1 103.11 NOTE
r-devel-linux-x86_64-fedora-gcc 1.2.1 111.64 OK
r-devel-windows-x86_64 1.2.1 4.00 74.00 78.00 OK
r-patched-linux-x86_64 1.2.1 4.74 324.35 329.09 OK
r-release-linux-x86_64 1.2.1 4.32 325.58 329.90 OK
r-release-macos-arm64 1.2.1 102.00 OK
r-release-macos-x86_64 1.2.1 357.00 OK
r-release-windows-x86_64 1.2.1 5.00 87.00 92.00 OK
r-oldrel-macos-arm64 1.2.1 135.00 OK
r-oldrel-windows-x86_64 1.2.1 6.00 86.00 92.00 OK

Check Details

Version: 1.2.1
Check: Rd cross-references
Result: NOTE Undeclared package ‘ggplot2’ in Rd xrefs Flavor: r-devel-linux-x86_64-fedora-clang