CRAN Package Check Results for Package conjoint

Last updated on 2019-08-24 07:47:18 CEST.

Flavor Version Tinstall Tcheck Ttotal Status Flags
r-devel-linux-x86_64-debian-clang 1.41 9.06 107.40 116.46 NOTE
r-devel-linux-x86_64-debian-gcc 1.41 8.12 81.81 89.93 NOTE
r-devel-linux-x86_64-fedora-clang 1.41 138.93 NOTE
r-devel-linux-x86_64-fedora-gcc 1.41 135.53 NOTE
r-devel-windows-ix86+x86_64 1.41 27.00 187.00 214.00 OK
r-patched-linux-x86_64 1.41 9.00 105.80 114.80 OK
r-patched-solaris-x86 1.41 193.60 OK
r-release-linux-x86_64 1.41 8.34 104.70 113.04 OK
r-release-windows-ix86+x86_64 1.41 45.00 189.00 234.00 OK
r-release-osx-x86_64 1.41 OK
r-oldrel-windows-ix86+x86_64 1.41 15.00 182.00 197.00 OK
r-oldrel-osx-x86_64 1.41 OK

Check Details

Version: 1.41
Check: for non-standard things in the check directory
Result: NOTE
    Found the following files/directories:
     'design_names.csv' 'design_numbers.csv'
     'encoded_orthogonal_factorial_design.csv'
     'orthogonal_factorial_design.csv'
Flavors: r-devel-linux-x86_64-debian-clang, r-devel-linux-x86_64-debian-gcc, r-devel-linux-x86_64-fedora-clang, r-devel-linux-x86_64-fedora-gcc