CRAN Package Check Results for Package conics

Last updated on 2020-07-11 09:48:51 CEST.

Flavor Version Tinstall Tcheck Ttotal Status Flags
r-devel-linux-x86_64-debian-clang 0.3 2.11 26.08 28.19 NOTE
r-devel-linux-x86_64-debian-gcc 0.3 2.15 20.44 22.59 NOTE
r-devel-linux-x86_64-fedora-gcc 0.3 34.39 NOTE
r-devel-windows-ix86+x86_64 0.3 6.00 40.00 46.00 NOTE
r-patched-linux-x86_64 0.3 2.20 26.05 28.25 NOTE
r-patched-solaris-x86 0.3 50.80 NOTE
r-release-linux-x86_64 0.3 2.55 26.08 28.63 NOTE
r-release-osx-x86_64 0.3 NOTE
r-release-windows-ix86+x86_64 0.3 5.00 40.00 45.00 NOTE
r-oldrel-osx-x86_64 0.3 NOTE
r-oldrel-windows-ix86+x86_64 0.3 5.00 55.00 60.00 NOTE

Check Details

Version: 0.3
Check: DESCRIPTION meta-information
Result: NOTE
    Malformed Description field: should contain one or more complete sentences.
Flavors: r-devel-linux-x86_64-debian-clang, r-devel-linux-x86_64-debian-gcc, r-devel-linux-x86_64-fedora-gcc, r-devel-windows-ix86+x86_64, r-patched-linux-x86_64, r-patched-solaris-x86, r-release-linux-x86_64, r-release-osx-x86_64, r-release-windows-ix86+x86_64, r-oldrel-osx-x86_64, r-oldrel-windows-ix86+x86_64

Version: 0.3
Check: R code for possible problems
Result: NOTE
    conicPlot: no visible global function definition for 'palette'
    conicPlotAsymptotes: no visible global function definition for
     'palette'
    conicPlotAsymptotes: no visible global function definition for 'abline'
    conicPlotAxes: no visible global function definition for 'palette'
    conicPlotAxes: no visible global function definition for 'abline'
    plotDegenerateConic: no visible global function definition for 'points'
    plotDegenerateConic: no visible global function definition for 'abline'
    plotEllipsis: no visible global function definition for 'lines'
    plotEllipsis: no visible global function definition for 'points'
    plotHyperbola: no visible global function definition for 'lines'
    plotHyperbola: no visible global function definition for 'points'
    plotParabola: no visible global function definition for 'lines'
    Undefined global functions or variables:
     abline lines palette points
    Consider adding
     importFrom("grDevices", "palette")
     importFrom("graphics", "abline", "lines", "points")
    to your NAMESPACE file.
Flavors: r-devel-linux-x86_64-debian-clang, r-devel-linux-x86_64-debian-gcc, r-devel-linux-x86_64-fedora-gcc, r-devel-windows-ix86+x86_64, r-patched-linux-x86_64, r-patched-solaris-x86, r-release-linux-x86_64, r-release-osx-x86_64, r-release-windows-ix86+x86_64

Version: 0.3
Check: dependencies in R code
Result: NOTE
    Namespace in Imports field not imported from: ‘graphics’
     All declared Imports should be used.
Flavors: r-devel-linux-x86_64-fedora-gcc, r-patched-solaris-x86, r-release-osx-x86_64, r-oldrel-osx-x86_64

Version: 0.3
Check: R code for possible problems
Result: NOTE
    conicPlot: no visible global function definition for ‘palette’
    conicPlotAsymptotes: no visible global function definition for
     ‘palette’
    conicPlotAsymptotes: no visible global function definition for ‘abline’
    conicPlotAxes: no visible global function definition for ‘palette’
    conicPlotAxes: no visible global function definition for ‘abline’
    plotDegenerateConic: no visible global function definition for ‘plot’
    plotDegenerateConic: no visible global function definition for ‘points’
    plotDegenerateConic: no visible global function definition for ‘abline’
    plotEllipsis: no visible global function definition for ‘lines’
    plotEllipsis: no visible global function definition for ‘plot’
    plotEllipsis: no visible global function definition for ‘points’
    plotHyperbola: no visible global function definition for ‘lines’
    plotHyperbola: no visible global function definition for ‘plot’
    plotHyperbola: no visible global function definition for ‘points’
    plotParabola: no visible global function definition for ‘lines’
    plotParabola: no visible global function definition for ‘plot’
    Undefined global functions or variables:
     abline lines palette plot points
    Consider adding
     importFrom("grDevices", "palette")
     importFrom("graphics", "abline", "lines", "plot", "points")
    to your NAMESPACE file.
Flavors: r-oldrel-osx-x86_64, r-oldrel-windows-ix86+x86_64