Last updated on 2021-03-09 05:47:02 CET.
Flavor | Version | Tinstall | Tcheck | Ttotal | Status | Flags |
---|---|---|---|---|---|---|
r-devel-linux-x86_64-debian-clang | 1.0.4 | 2.49 | 27.87 | 30.36 | OK | |
r-devel-linux-x86_64-debian-gcc | 1.0.4 | 1.74 | 21.99 | 23.73 | OK | |
r-devel-linux-x86_64-fedora-clang | 1.0.4 | 46.45 | NOTE | |||
r-devel-linux-x86_64-fedora-gcc | 1.0.4 | 143.47 | NOTE | |||
r-devel-windows-ix86+x86_64 | 1.0.4 | 5.00 | 33.00 | 38.00 | OK | |
r-devel-windows-x86_64-gcc10-UCRT | 1.0.4 | NOTE | ||||
r-patched-linux-x86_64 | 1.0.4 | 2.16 | 26.99 | 29.15 | OK | |
r-patched-solaris-x86 | 1.0.4 | 61.20 | NOTE | |||
r-release-linux-x86_64 | 1.0.4 | 2.60 | 26.58 | 29.18 | OK | |
r-release-macos-x86_64 | 1.0.4 | ERROR | ||||
r-release-windows-ix86+x86_64 | 1.0.4 | 6.00 | 45.00 | 51.00 | OK | |
r-oldrel-macos-x86_64 | 1.0.4 | NOTE | ||||
r-oldrel-windows-ix86+x86_64 | 1.0.4 | 4.00 | 32.00 | 36.00 | OK |
Version: 1.0.4
Check: dependencies in R code
Result: NOTE
Namespace in Imports field not imported from: ‘memoise’
All declared Imports should be used.
Flavors: r-devel-linux-x86_64-fedora-clang, r-devel-linux-x86_64-fedora-gcc, r-devel-windows-x86_64-gcc10-UCRT, r-patched-solaris-x86, r-release-macos-x86_64, r-oldrel-macos-x86_64
Version: 1.0.4
Check: tests
Result: ERROR
Running ‘testthat.R’ [66s/97s]
Running the tests in ‘tests/testthat.R’ failed.
Last 13 lines of output:
> library(testthat)
> library(conflicted)
>
> test_check("conflicted")
── 1. Failure: shimmed library() returns same as unshimmed (@test-shim.R#50) ──
library() not equal to base::library().
Component "results": 1 string mismatch
══ testthat results ═══════════════════════════════════════════════════════════
[ OK: 30 | SKIPPED: 0 | WARNINGS: 0 | FAILED: 1 ]
1. Failure: shimmed library() returns same as unshimmed (@test-shim.R#50)
Error: testthat unit tests failed
Execution halted
Flavor: r-release-macos-x86_64