CRAN Package Check Results for Package conflicted

Last updated on 2020-07-04 20:47:11 CEST.

Flavor Version Tinstall Tcheck Ttotal Status Flags
r-devel-linux-x86_64-debian-clang 1.0.4 2.65 25.54 28.19 OK
r-devel-linux-x86_64-debian-gcc 1.0.4 1.88 20.41 22.29 OK
r-devel-linux-x86_64-fedora-clang 1.0.4 41.87 NOTE
r-devel-linux-x86_64-fedora-gcc 1.0.4 114.26 NOTE
r-devel-windows-ix86+x86_64 1.0.4 9.00 52.00 61.00 OK
r-patched-linux-x86_64 1.0.4 2.44 25.62 28.06 OK
r-patched-solaris-x86 1.0.4 50.80 NOTE
r-release-linux-x86_64 1.0.4 2.07 25.60 27.67 OK
r-release-osx-x86_64 1.0.4 ERROR
r-release-windows-ix86+x86_64 1.0.4 6.00 37.00 43.00 OK
r-oldrel-osx-x86_64 1.0.4 NOTE
r-oldrel-windows-ix86+x86_64 1.0.4 4.00 62.00 66.00 OK

Check Details

Version: 1.0.4
Check: dependencies in R code
Result: NOTE
    Namespace in Imports field not imported from: ‘memoise’
     All declared Imports should be used.
Flavors: r-devel-linux-x86_64-fedora-clang, r-devel-linux-x86_64-fedora-gcc, r-patched-solaris-x86, r-release-osx-x86_64, r-oldrel-osx-x86_64

Version: 1.0.4
Check: tests
Result: ERROR
     Running ‘testthat.R’ [82s/129s]
    Running the tests in ‘tests/testthat.R’ failed.
    Last 13 lines of output:
     > library(conflicted)
     >
     > test_check("conflicted")
     ── 1. Failure: shimmed library() returns same as unshimmed (@test-shim.R#50) ──
     library() not equal to base::library().
     Component "results": Attributes: < Component "dim": Mean relative difference: 6.23286e-05 >
     Component "results": Lengths (48132, 48135) differ (string compare on first 48132)
     Component "results": 25710 string mismatches
    
     ══ testthat results ═══════════════════════════════════════════════════════════
     [ OK: 30 | SKIPPED: 0 | WARNINGS: 0 | FAILED: 1 ]
     1. Failure: shimmed library() returns same as unshimmed (@test-shim.R#50)
    
     Error: testthat unit tests failed
     Execution halted
Flavor: r-release-osx-x86_64