CRAN Package Check Results for Package conflicted

Last updated on 2019-03-24 11:51:03 CET.

Flavor Version Tinstall Tcheck Ttotal Status Flags
r-devel-linux-x86_64-debian-clang 1.0.1 2.04 72.29 74.33 ERROR
r-devel-linux-x86_64-debian-gcc 1.0.1 1.72 55.53 57.25 ERROR
r-devel-linux-x86_64-fedora-clang 1.0.1 86.63 ERROR
r-devel-linux-x86_64-fedora-gcc 1.0.1 96.55 ERROR
r-devel-windows-ix86+x86_64 1.0.1 8.00 49.00 57.00 ERROR
r-patched-linux-x86_64 1.0.1 1.33 67.52 68.85 OK
r-patched-solaris-x86 1.0.1 44.10 NOTE
r-release-linux-x86_64 1.0.1 0.27 1.91 2.18 ERROR
r-release-windows-ix86+x86_64 1.0.1 3.00 34.00 37.00 OK
r-release-osx-x86_64 1.0.1 NOTE
r-oldrel-windows-ix86+x86_64 1.0.1 2.00 35.00 37.00 OK
r-oldrel-osx-x86_64 1.0.1 NOTE

Check Details

Version: 1.0.1
Check: tests
Result: ERROR
     Running 'testthat.R' [51s/53s]
    Running the tests in 'tests/testthat.R' failed.
    Complete output:
     > library(testthat)
     > library(conflicted)
     >
     > test_check("conflicted")
     -- 1. Failure: shimmed arguments match unshimmed (@test-shim.R#4) -------------
     formals(shim_require) not equal to formals(base::require).
     Length mismatch: comparison on first 5 components
     Component "warn.conflicts": Modes: logical, name
     Component "warn.conflicts": target is logical, current is name
    
     -- 2. Failure: shimmed arguments match unshimmed (@test-shim.R#5) -------------
     formals(shim_library) not equal to formals(base::library).
     Length mismatch: comparison on first 9 components
     Component "warn.conflicts": Modes: logical, name
     Component "warn.conflicts": target is logical, current is name
    
     == testthat results ===========================================================
     OK: 29 SKIPPED: 0 FAILED: 2
     1. Failure: shimmed arguments match unshimmed (@test-shim.R#4)
     2. Failure: shimmed arguments match unshimmed (@test-shim.R#5)
    
     Error: testthat unit tests failed
     Execution halted
Flavor: r-devel-linux-x86_64-debian-clang

Version: 1.0.1
Check: tests
Result: ERROR
     Running ‘testthat.R’ [38s/50s]
    Running the tests in ‘tests/testthat.R’ failed.
    Complete output:
     > library(testthat)
     > library(conflicted)
     >
     > test_check("conflicted")
     ── 1. Failure: shimmed arguments match unshimmed (@test-shim.R#4) ─────────────
     formals(shim_require) not equal to formals(base::require).
     Length mismatch: comparison on first 5 components
     Component "warn.conflicts": Modes: logical, name
     Component "warn.conflicts": target is logical, current is name
    
     ── 2. Failure: shimmed arguments match unshimmed (@test-shim.R#5) ─────────────
     formals(shim_library) not equal to formals(base::library).
     Length mismatch: comparison on first 9 components
     Component "warn.conflicts": Modes: logical, name
     Component "warn.conflicts": target is logical, current is name
    
     ══ testthat results ═══════════════════════════════════════════════════════════
     OK: 29 SKIPPED: 0 FAILED: 2
     1. Failure: shimmed arguments match unshimmed (@test-shim.R#4)
     2. Failure: shimmed arguments match unshimmed (@test-shim.R#5)
    
     Error: testthat unit tests failed
     Execution halted
Flavor: r-devel-linux-x86_64-debian-gcc

Version: 1.0.1
Check: dependencies in R code
Result: NOTE
    Namespace in Imports field not imported from: ‘memoise’
     All declared Imports should be used.
Flavors: r-devel-linux-x86_64-fedora-clang, r-devel-linux-x86_64-fedora-gcc, r-patched-solaris-x86, r-release-osx-x86_64, r-oldrel-osx-x86_64

Version: 1.0.1
Check: tests
Result: ERROR
     Running ‘testthat.R’ [58s/68s]
    Running the tests in ‘tests/testthat.R’ failed.
    Complete output:
     > library(testthat)
     > library(conflicted)
     >
     > test_check("conflicted")
     ── 1. Failure: shimmed arguments match unshimmed (@test-shim.R#4) ─────────────
     formals(shim_require) not equal to formals(base::require).
     Length mismatch: comparison on first 5 components
     Component "warn.conflicts": Modes: logical, name
     Component "warn.conflicts": target is logical, current is name
    
     ── 2. Failure: shimmed arguments match unshimmed (@test-shim.R#5) ─────────────
     formals(shim_library) not equal to formals(base::library).
     Length mismatch: comparison on first 9 components
     Component "warn.conflicts": Modes: logical, name
     Component "warn.conflicts": target is logical, current is name
    
     ══ testthat results ═══════════════════════════════════════════════════════════
     OK: 29 SKIPPED: 0 FAILED: 2
     1. Failure: shimmed arguments match unshimmed (@test-shim.R#4)
     2. Failure: shimmed arguments match unshimmed (@test-shim.R#5)
    
     Error: testthat unit tests failed
     Execution halted
Flavor: r-devel-linux-x86_64-fedora-clang

Version: 1.0.1
Check: tests
Result: ERROR
     Running ‘testthat.R’ [68s/69s]
    Running the tests in ‘tests/testthat.R’ failed.
    Complete output:
     > library(testthat)
     > library(conflicted)
     >
     > test_check("conflicted")
     ── 1. Failure: shimmed arguments match unshimmed (@test-shim.R#4) ─────────────
     formals(shim_require) not equal to formals(base::require).
     Length mismatch: comparison on first 5 components
     Component "warn.conflicts": Modes: logical, name
     Component "warn.conflicts": target is logical, current is name
    
     ── 2. Failure: shimmed arguments match unshimmed (@test-shim.R#5) ─────────────
     formals(shim_library) not equal to formals(base::library).
     Length mismatch: comparison on first 9 components
     Component "warn.conflicts": Modes: logical, name
     Component "warn.conflicts": target is logical, current is name
    
     ══ testthat results ═══════════════════════════════════════════════════════════
     OK: 29 SKIPPED: 0 FAILED: 2
     1. Failure: shimmed arguments match unshimmed (@test-shim.R#4)
     2. Failure: shimmed arguments match unshimmed (@test-shim.R#5)
    
     Error: testthat unit tests failed
     Execution halted
Flavor: r-devel-linux-x86_64-fedora-gcc

Version: 1.0.1
Check: tests
Result: ERROR
     Running 'testthat.R' [3s]
    Running the tests in 'tests/testthat.R' failed.
    Complete output:
     > library(testthat)
     > library(conflicted)
     >
     > test_check("conflicted")
     -- 1. Failure: shimmed arguments match unshimmed (@test-shim.R#4) -------------
     formals(shim_require) not equal to formals(base::require).
     Length mismatch: comparison on first 5 components
     Component "warn.conflicts": Modes: logical, name
     Component "warn.conflicts": target is logical, current is name
    
     -- 2. Failure: shimmed arguments match unshimmed (@test-shim.R#5) -------------
     formals(shim_library) not equal to formals(base::library).
     Length mismatch: comparison on first 9 components
     Component "warn.conflicts": Modes: logical, name
     Component "warn.conflicts": target is logical, current is name
    
     == testthat results ===========================================================
     OK: 29 SKIPPED: 0 FAILED: 2
     1. Failure: shimmed arguments match unshimmed (@test-shim.R#4)
     2. Failure: shimmed arguments match unshimmed (@test-shim.R#5)
    
     Error: testthat unit tests failed
     Execution halted
Flavor: r-devel-windows-ix86+x86_64

Version: 1.0.1
Check: whether package can be installed
Result: ERROR
    Installation failed.
Flavor: r-release-linux-x86_64