CRAN Package Check Results for Package conflicted

Last updated on 2019-08-24 03:48:05 CEST.

Flavor Version Tinstall Tcheck Ttotal Status Flags
r-devel-linux-x86_64-debian-clang 1.0.4 2.01 77.13 79.14 OK
r-devel-linux-x86_64-debian-gcc 1.0.4 1.94 58.83 60.77 OK
r-devel-linux-x86_64-fedora-clang 1.0.4 94.49 NOTE
r-devel-linux-x86_64-fedora-gcc 1.0.4 92.35 NOTE
r-devel-windows-ix86+x86_64 1.0.4 5.00 51.00 56.00 OK
r-patched-linux-x86_64 1.0.4 1.53 75.93 77.46 OK
r-patched-solaris-x86 1.0.4 49.20 NOTE
r-release-linux-x86_64 1.0.4 1.91 76.16 78.07 OK
r-release-windows-ix86+x86_64 1.0.4 4.00 53.00 57.00 OK
r-release-osx-x86_64 1.0.4 NOTE
r-oldrel-windows-ix86+x86_64 1.0.4 4.00 53.00 57.00 OK
r-oldrel-osx-x86_64 1.0.4 NOTE

Check Details

Version: 1.0.4
Check: dependencies in R code
Result: NOTE
    Namespace in Imports field not imported from: ‘memoise’
     All declared Imports should be used.
Flavors: r-devel-linux-x86_64-fedora-clang, r-devel-linux-x86_64-fedora-gcc, r-patched-solaris-x86, r-release-osx-x86_64, r-oldrel-osx-x86_64