CRAN Package Check Results for Package conflicted

Last updated on 2019-05-21 17:48:14 CEST.

Flavor Version Tinstall Tcheck Ttotal Status Flags
r-devel-linux-x86_64-debian-clang 1.0.3 2.18 74.89 77.07 OK
r-devel-linux-x86_64-debian-gcc 1.0.3 1.60 56.02 57.62 OK
r-devel-linux-x86_64-fedora-clang 1.0.3 87.15 NOTE
r-devel-linux-x86_64-fedora-gcc 1.0.3 85.08 NOTE
r-devel-windows-ix86+x86_64 1.0.3 4.00 163.00 167.00 OK
r-patched-linux-x86_64 1.0.3 1.98 71.14 73.12 OK
r-patched-solaris-x86 1.0.3 49.40 NOTE
r-release-linux-x86_64 1.0.3 2.01 70.46 72.47 OK
r-release-windows-ix86+x86_64 1.0.3 4.00 53.00 57.00 OK
r-release-osx-x86_64 1.0.3 NOTE
r-oldrel-windows-ix86+x86_64 1.0.3 2.00 36.00 38.00 OK
r-oldrel-osx-x86_64 1.0.3 NOTE

Check Details

Version: 1.0.3
Check: dependencies in R code
Result: NOTE
    Namespace in Imports field not imported from: ‘memoise’
     All declared Imports should be used.
Flavors: r-devel-linux-x86_64-fedora-clang, r-devel-linux-x86_64-fedora-gcc, r-patched-solaris-x86, r-release-osx-x86_64, r-oldrel-osx-x86_64