CRAN Package Check Results for Package configr

Last updated on 2022-12-08 08:53:16 CET.

Flavor Version Tinstall Tcheck Ttotal Status Flags
r-devel-linux-x86_64-debian-clang 0.3.5 5.53 55.13 60.66 NOTE
r-devel-linux-x86_64-debian-gcc 0.3.5 4.07 44.63 48.70 NOTE
r-devel-linux-x86_64-fedora-clang 0.3.5 82.79 NOTE
r-devel-linux-x86_64-fedora-gcc 0.3.5 94.13 NOTE
r-devel-windows-x86_64 0.3.5 25.00 107.00 132.00 NOTE
r-patched-linux-x86_64 0.3.5 4.51 52.03 56.54 NOTE
r-release-linux-x86_64 0.3.5 3.84 52.66 56.50 NOTE
r-release-macos-arm64 0.3.5 28.00 NOTE
r-release-macos-x86_64 0.3.5 36.00 NOTE
r-release-windows-x86_64 0.3.5 21.00 106.00 127.00 NOTE
r-oldrel-macos-arm64 0.3.5 31.00 NOTE
r-oldrel-macos-x86_64 0.3.5 48.00 NOTE
r-oldrel-windows-ix86+x86_64 0.3.5 11.00 91.00 102.00 NOTE

Check Details

Version: 0.3.5
Check: LazyData
Result: NOTE
     'LazyData' is specified without a 'data' directory
Flavors: r-devel-linux-x86_64-debian-clang, r-devel-linux-x86_64-debian-gcc, r-devel-linux-x86_64-fedora-clang, r-devel-linux-x86_64-fedora-gcc, r-devel-windows-x86_64, r-patched-linux-x86_64, r-release-linux-x86_64, r-release-macos-arm64, r-release-macos-x86_64, r-release-windows-x86_64, r-oldrel-macos-arm64, r-oldrel-macos-x86_64, r-oldrel-windows-ix86+x86_64