CRAN Package Check Results for Package confSAM

Last updated on 2022-08-12 14:48:53 CEST.

Flavor Version Tinstall Tcheck Ttotal Status Flags
r-devel-linux-x86_64-debian-clang 0.2 1.96 98.88 100.84 NOTE
r-devel-linux-x86_64-debian-gcc 0.2 1.86 73.47 75.33 NOTE
r-devel-linux-x86_64-fedora-clang 0.2 126.83 NOTE
r-devel-linux-x86_64-fedora-gcc 0.2 127.64 NOTE
r-devel-windows-x86_64 0.2 10.00 126.00 136.00 NOTE
r-patched-linux-x86_64 0.2 2.10 95.69 97.79 NOTE
r-release-linux-x86_64 0.2 2.01 93.93 95.94 NOTE
r-release-macos-arm64 0.2 33.00 NOTE
r-release-macos-x86_64 0.2 51.00 NOTE
r-release-windows-x86_64 0.2 5.00 124.00 129.00 NOTE
r-oldrel-macos-arm64 0.2 40.00 NOTE
r-oldrel-macos-x86_64 0.2 71.00 NOTE
r-oldrel-windows-ix86+x86_64 0.2 5.00 47.00 52.00 NOTE

Check Details

Version: 0.2
Check: LazyData
Result: NOTE
     'LazyData' is specified without a 'data' directory
Flavors: r-devel-linux-x86_64-debian-clang, r-devel-linux-x86_64-debian-gcc, r-devel-linux-x86_64-fedora-clang, r-devel-linux-x86_64-fedora-gcc, r-devel-windows-x86_64, r-patched-linux-x86_64, r-release-linux-x86_64, r-release-macos-arm64, r-release-macos-x86_64, r-release-windows-x86_64, r-oldrel-macos-arm64, r-oldrel-macos-x86_64, r-oldrel-windows-ix86+x86_64