CRAN Package Check Results for Package condformat

Last updated on 2021-10-28 11:51:22 CEST.

Flavor Version Tinstall Tcheck Ttotal Status Flags
r-devel-linux-x86_64-debian-clang 0.9.0 4.96 56.46 61.42 NOTE
r-devel-linux-x86_64-debian-gcc 0.9.0 4.08 42.54 46.62 NOTE
r-devel-linux-x86_64-fedora-clang 0.9.0 82.60 NOTE
r-devel-linux-x86_64-fedora-gcc 0.9.0 73.09 NOTE
r-devel-windows-x86_64 0.9.0 9.00 82.00 91.00 NOTE
r-devel-windows-x86_64-gcc10-UCRT 0.9.0 NOTE
r-patched-linux-x86_64 0.9.0 5.23 53.74 58.97 NOTE
r-patched-solaris-x86 0.9.0 102.80 NOTE
r-release-linux-x86_64 0.9.0 4.82 53.03 57.85 NOTE
r-release-macos-arm64 0.9.0 NOTE
r-release-macos-x86_64 0.9.0 NOTE
r-release-windows-ix86+x86_64 0.9.0 8.00 84.00 92.00 NOTE
r-oldrel-macos-x86_64 0.9.0 OK
r-oldrel-windows-ix86+x86_64 0.9.0 7.00 60.00 67.00 OK

Check Details

Version: 0.9.0
Check: LazyData
Result: NOTE
     'LazyData' is specified without a 'data' directory
Flavors: r-devel-linux-x86_64-debian-clang, r-devel-linux-x86_64-debian-gcc, r-devel-linux-x86_64-fedora-clang, r-devel-linux-x86_64-fedora-gcc, r-devel-windows-x86_64, r-devel-windows-x86_64-gcc10-UCRT, r-patched-linux-x86_64, r-patched-solaris-x86, r-release-linux-x86_64, r-release-macos-arm64, r-release-macos-x86_64, r-release-windows-ix86+x86_64