CRAN Package Check Results for Package condformat

Last updated on 2019-07-21 07:49:07 CEST.

Flavor Version Tinstall Tcheck Ttotal Status Flags
r-devel-linux-x86_64-debian-clang 0.8.0 4.82 61.82 66.64 OK
r-devel-linux-x86_64-debian-gcc 0.8.0 4.12 48.60 52.72 OK
r-devel-linux-x86_64-fedora-clang 0.8.0 78.61 NOTE
r-devel-linux-x86_64-fedora-gcc 0.8.0 65.43 ERROR
r-devel-windows-ix86+x86_64 0.8.0 10.00 100.00 110.00 OK
r-patched-linux-x86_64 0.8.0 4.53 61.49 66.02 OK
r-patched-solaris-x86 0.8.0 123.60 NOTE
r-release-linux-x86_64 0.8.0 4.18 60.79 64.97 OK
r-release-windows-ix86+x86_64 0.8.0 10.00 84.00 94.00 OK
r-release-osx-x86_64 0.8.0 NOTE
r-oldrel-windows-ix86+x86_64 0.8.0 12.00 111.00 123.00 OK
r-oldrel-osx-x86_64 0.8.0 NOTE

Check Details

Version: 0.8.0
Check: dependencies in R code
Result: NOTE
    Namespace in Imports field not imported from: ‘graphics’
     All declared Imports should be used.
Flavors: r-devel-linux-x86_64-fedora-clang, r-devel-linux-x86_64-fedora-gcc, r-patched-solaris-x86, r-release-osx-x86_64, r-oldrel-osx-x86_64

Version: 0.8.0
Check: tests
Result: ERROR
     Running ‘testthat.R’
    Running the tests in ‘tests/testthat.R’ failed.
    Complete output:
     > library(testthat)
     > library(condformat)
     >
     > test_check("condformat")
     Error occurred during initialization of VM
     java.lang.StackOverflowError
     at java.lang.Object.<clinit>(java.base/Object.java:43)
Flavor: r-devel-linux-x86_64-fedora-gcc