CRAN Package Check Results for Package condformat

Last updated on 2019-04-24 14:47:20 CEST.

Flavor Version Tinstall Tcheck Ttotal Status Flags
r-devel-linux-x86_64-debian-clang 0.8.0 4.26 61.69 65.95 OK
r-devel-linux-x86_64-debian-gcc 0.8.0 4.34 49.01 53.35 OK
r-devel-linux-x86_64-fedora-clang 0.8.0 80.30 NOTE
r-devel-linux-x86_64-fedora-gcc 0.8.0 77.18 NOTE
r-devel-windows-ix86+x86_64 0.8.0 14.00 84.00 98.00 OK
r-patched-linux-x86_64 0.8.0 5.17 62.00 67.17 OK
r-patched-solaris-x86 0.8.0 110.10 NOTE
r-release-linux-x86_64 0.8.0 4.08 59.30 63.38 OK
r-release-windows-ix86+x86_64 0.8.0 6.00 112.00 118.00 OK
r-release-osx-x86_64 0.8.0 NOTE
r-oldrel-windows-ix86+x86_64 0.8.0 9.00 91.00 100.00 OK
r-oldrel-osx-x86_64 0.8.0 NOTE

Check Details

Version: 0.8.0
Check: dependencies in R code
Result: NOTE
    Namespace in Imports field not imported from: ‘graphics’
     All declared Imports should be used.
Flavors: r-devel-linux-x86_64-fedora-clang, r-devel-linux-x86_64-fedora-gcc, r-patched-solaris-x86, r-release-osx-x86_64, r-oldrel-osx-x86_64