CRAN Package Check Results for Package comradesOO

Last updated on 2024-02-26 15:52:56 CET.

Flavor Version Tinstall Tcheck Ttotal Status Flags
r-devel-linux-x86_64-debian-clang 0.1.1 45.47 572.45 617.92 OK
r-devel-linux-x86_64-debian-gcc 0.1.1 30.81 435.92 466.73 OK
r-devel-linux-x86_64-fedora-clang 0.1.1 739.50 OK
r-devel-linux-x86_64-fedora-gcc 0.1.1 740.61 OK
r-devel-windows-x86_64 0.1.1 33.00 550.00 583.00 OK
r-patched-linux-x86_64 0.1.1 25.87 561.99 587.86 OK
r-release-linux-x86_64 0.1.1 25.41 564.47 589.88 OK
r-release-macos-arm64 0.1.1 10.00 ERROR
r-release-macos-x86_64 0.1.1 6.00 ERROR
r-release-windows-x86_64 0.1.1 43.00 688.00 731.00 OK
r-oldrel-macos-arm64 0.1.1 10.00 ERROR
r-oldrel-windows-x86_64 0.1.1 45.00 690.00 735.00 OK

Check Details

Version: 0.1.1
Check: package dependencies
Result: ERROR Package required but not available: ‘R4RNA’ See section ‘The DESCRIPTION file’ in the ‘Writing R Extensions’ manual. Flavors: r-release-macos-arm64, r-release-macos-x86_64, r-oldrel-macos-arm64